{"id":1093,"date":"2024-03-26T14:45:31","date_gmt":"2024-03-26T13:45:31","guid":{"rendered":"https:\/\/imppact-chirurgie.fr\/?page_id=1093"},"modified":"2024-10-01T13:17:30","modified_gmt":"2024-10-01T11:17:30","slug":"kyste-synovial","status":"publish","type":"page","link":"https:\/\/imppact-chirurgie.fr\/index.php\/orthopedie\/chirurgie-de-la-main\/kyste-synovial\/","title":{"rendered":"Kyste synovial"},"content":{"rendered":"<p>[et_pb_section fb_built=\u00a0\u00bb1&Prime; admin_label=\u00a0\u00bbsection\u00a0\u00bb _builder_version=\u00a0\u00bb4.16&Prime; global_colors_info=\u00a0\u00bb{}\u00a0\u00bb][et_pb_row admin_label=\u00a0\u00bbrow\u00a0\u00bb _builder_version=\u00a0\u00bb4.27.0&Prime; background_size=\u00a0\u00bbinitial\u00a0\u00bb background_position=\u00a0\u00bbtop_left\u00a0\u00bb background_repeat=\u00a0\u00bbrepeat\u00a0\u00bb custom_margin=\u00a0\u00bb||||false|false\u00a0\u00bb custom_padding=\u00a0\u00bb||||false|true\u00a0\u00bb hover_enabled=\u00a0\u00bb0&Prime; global_colors_info=\u00a0\u00bb{}\u00a0\u00bb sticky_enabled=\u00a0\u00bb0&Prime;][et_pb_column type=\u00a0\u00bb4_4&Prime; _builder_version=\u00a0\u00bb4.16&Prime; custom_padding=\u00a0\u00bb|||\u00a0\u00bb global_colors_info=\u00a0\u00bb{}\u00a0\u00bb custom_padding__hover=\u00a0\u00bb|||\u00a0\u00bb][et_pb_text admin_label=\u00a0\u00bbText\u00a0\u00bb _builder_version=\u00a0\u00bb4.24.3&Prime; background_size=\u00a0\u00bbinitial\u00a0\u00bb background_position=\u00a0\u00bbtop_left\u00a0\u00bb background_repeat=\u00a0\u00bbrepeat\u00a0\u00bb width=\u00a0\u00bb99.8%\u00a0\u00bb custom_margin=\u00a0\u00bb||||false|false\u00a0\u00bb custom_padding=\u00a0\u00bb12px|||0px||\u00a0\u00bb global_colors_info=\u00a0\u00bb{}\u00a0\u00bb]<\/p>\n<h2>Le kyste synovial<\/h2>\n<p class=\"p1\">Un kyste synovial au doigt est une masse remplie de liquide synovial qui se d\u00e9veloppe g\u00e9n\u00e9ralement pr\u00e8s des articulations ou des tendons.<\/p>\n<p class=\"p2\"><b>Causes<\/b><\/p>\n<ul class=\"ul1\">\n<li class=\"li1\"><b>Traumatismes r\u00e9p\u00e9titifs<\/b> : Les mouvements r\u00e9p\u00e9titifs ou les blessures au doigt peuvent provoquer des kystes synoviaux.<\/li>\n<li class=\"li1\"><b>Arthrite<\/b> : Les personnes souffrant d&rsquo;arthrite, notamment l&rsquo;arthrose, sont plus susceptibles de d\u00e9velopper des kystes synoviaux.<\/li>\n<li class=\"li1\"><b>Idiopathique<\/b> : Parfois, les kystes synoviaux se forment sans cause apparente.<\/li>\n<\/ul>\n<p class=\"p2\"><b>Sympt\u00f4mes<\/b><\/p>\n<ul class=\"ul1\">\n<li class=\"li1\"><b>Masse visible<\/b> : Une petite masse ronde qui peut \u00eatre souple ou ferme.<\/li>\n<li class=\"li1\"><b>Douleur<\/b> : Parfois, le kyste peut \u00eatre douloureux, surtout s&rsquo;il exerce une pression sur les nerfs voisins.<\/li>\n<li class=\"li1\"><b>Raideur<\/b> : Une sensation de raideur ou une r\u00e9duction de la mobilit\u00e9 du doigt affect\u00e9.<\/li>\n<\/ul>\n<p class=\"p2\"><b>Diagnostic<\/b><\/p>\n<p class=\"p1\">Le diagnostic d&rsquo;un kyste synovial repose souvent sur un examen physique. Le chirurgien ou votre m\u00e9decin peut \u00e9galement recommander une \u00e9chographie pour \u00e9valuer la taille et l&#8217;emplacement du kyste.<\/p>\n<p class=\"p2\"><b>Traitement<\/b><\/p>\n<ul class=\"ul1\">\n<li class=\"li1\"><b>Abstention<\/b> : Si le kyste est petit et ne provoque pas de sympt\u00f4mes, une surveillance r\u00e9guli\u00e8re peut \u00eatre suffisante.<\/li>\n<li class=\"li1\"><b>Aspiration<\/b> + <b>Injection de corticost\u00e9ro\u00efdes <\/b>: Un m\u00e9decin peut utiliser une aiguille pour drainer le liquide du kyste et r\u00e9duire l&rsquo;inflammation.<\/li>\n<li class=\"li1\"><b>Chirurgie<\/b> : Dans les cas r\u00e9currents, l&rsquo;ablation chirurgicale du kyste peut \u00eatre n\u00e9cessaire. Cela implique de retirer le kyste et souvent une partie de la gaine synoviale pour minimiser les risques de r\u00e9cidive.<\/li>\n<\/ul>\n<p class=\"p3\">\n<p class=\"p1\">La chirurgie d&rsquo;un kyste synovial du doigt, est souvent envisag\u00e9e lorsque le kyste est douloureux, affecte la fonction du doigt, ou lorsqu&rsquo;il est esth\u00e9tiquement g\u00eanant pour le patient.<\/p>\n<p class=\"p2\"><b>Pr\u00e9paration<\/b><\/p>\n<ul class=\"ul1\">\n<li class=\"li1\"><b>Consultation pr\u00e9op\u00e9ratoire<\/b> :<\/li>\n<ul class=\"ul1\">\n<li class=\"li1\">\u00c9valuation par un chirurgien de la main.<\/li>\n<li class=\"li1\">Discussion des options de traitement, des risques et des b\u00e9n\u00e9fices de la chirurgie.<\/li>\n<\/ul>\n<li class=\"li1\"><b>Pr\u00e9paration du patient<\/b> :<\/li>\n<ul class=\"ul1\">\n<li class=\"li1\">Nettoyage de la zone \u00e0 op\u00e9rer.<\/li>\n<li class=\"li1\">Administration d&rsquo;une anesth\u00e9sie locale ou r\u00e9gionale pour engourdir le doigt.<\/li>\n<\/ul>\n<\/ul>\n<p class=\"p2\"><b>Proc\u00e9dure chirurgicale<\/b><\/p>\n<ul class=\"ul1\">\n<li class=\"li1\"><b>Incision<\/b> :<\/li>\n<ul class=\"ul1\">\n<li class=\"li1\">Une petite incision est faite sur la peau au-dessus du kyste.<\/li>\n<\/ul>\n<li class=\"li1\"><b>Exposition du kyste<\/b> :<\/li>\n<ul class=\"ul1\">\n<li class=\"li1\">Le chirurgien expose soigneusement le kyste synovial en prenant soin de ne pas endommager les structures adjacentes, comme les tendons, les nerfs et les vaisseaux sanguins.<\/li>\n<\/ul>\n<li class=\"li1\"><b>Ex\u00e9r\u00e8se du kyste<\/b> :<\/li>\n<ul class=\"ul1\">\n<li class=\"li1\">Le kyste est diss\u00e9qu\u00e9 et retir\u00e9 enti\u00e8rement, y compris sa racine (p\u00e9dicule) pour r\u00e9duire le risque de r\u00e9cidive.<\/li>\n<li class=\"li1\">Parfois, une partie de la capsule articulaire ou de la gaine tendineuse peut \u00eatre enlev\u00e9e si elle est impliqu\u00e9e dans la formation du kyste.<\/li>\n<\/ul>\n<li class=\"li1\"><b>Fermeture de l&rsquo;incision<\/b> :<\/li>\n<ul class=\"ul1\">\n<li class=\"li1\">La plaie est nettoy\u00e9e, et les tissus sont referm\u00e9s avec des points de suture.<\/li>\n<li class=\"li1\">Un pansement st\u00e9rile est appliqu\u00e9 pour prot\u00e9ger la zone op\u00e9r\u00e9e.<\/li>\n<\/ul>\n<\/ul>\n<p class=\"p2\"><b>Postop\u00e9ratoire<\/b><\/p>\n<ul class=\"ul1\">\n<li class=\"li1\"><b>Suivi post-op\u00e9ratoire<\/b> :<\/li>\n<ul class=\"ul1\">\n<li class=\"li1\">Le patient doit suivre les instructions de soins de la plaie, qui peuvent inclure le maintien de la zone propre et s\u00e8che, et la gestion de la douleur avec des analg\u00e9siques.<\/li>\n<li class=\"li1\">Il peut \u00eatre conseill\u00e9 de limiter l&rsquo;utilisation du doigt op\u00e9r\u00e9 pour permettre une bonne cicatrisation.<\/li>\n<\/ul>\n<li class=\"li1\"><b>R\u00e9\u00e9ducation<\/b> :<\/li>\n<ul class=\"ul1\">\n<li class=\"li1\">Une kin\u00e9sitherapie ou des exercices de r\u00e9\u00e9ducation peuvent \u00eatre recommand\u00e9s pour restaurer la mobilit\u00e9 et la force du doigt.<\/li>\n<\/ul>\n<li class=\"li1\"><b>Surveillance des complications<\/b> :<\/li>\n<ul class=\"ul1\">\n<li class=\"li1\">Le patient doit surveiller l&rsquo;apparition de signes d&rsquo;infection (rougeur, chaleur, douleur accrue) ou de r\u00e9cidive du kyste.<\/li>\n<\/ul>\n<\/ul>\n<p class=\"p2\"><b>Risques et Complications<\/b><\/p>\n<ul class=\"ul1\">\n<li class=\"li1\"><b>Infection<\/b>.<\/li>\n<li class=\"li1\"><b>R\u00e9cidive du kyste<\/b>.<\/li>\n<li class=\"li1\"><b>L\u00e9sions nerveuses<\/b> pouvant entra\u00eener des engourdissements ou des douleurs.<\/li>\n<li class=\"li1\"><b>Raideur du doigt<\/b>.<\/li>\n<\/ul>\n<p>[\/et_pb_text][\/et_pb_column][\/et_pb_row][\/et_pb_section]<\/p>\n","protected":false},"excerpt":{"rendered":"<p>Le kyste synovial Un kyste synovial au doigt est une masse remplie de liquide synovial qui se d\u00e9veloppe g\u00e9n\u00e9ralement pr\u00e8s des articulations ou des tendons. Causes Traumatismes r\u00e9p\u00e9titifs : Les mouvements r\u00e9p\u00e9titifs ou les blessures au doigt peuvent provoquer des kystes synoviaux. Arthrite : Les personnes souffrant d&rsquo;arthrite, notamment l&rsquo;arthrose, sont plus susceptibles de d\u00e9velopper [&hellip;]<\/p>\n","protected":false},"author":1,"featured_media":0,"parent":1014,"menu_order":0,"comment_status":"closed","ping_status":"closed","template":"","meta":{"_et_pb_use_builder":"on","_et_pb_old_content":"","_et_gb_content_width":"","_monsterinsights_skip_tracking":false,"_monsterinsights_sitenote_active":false,"_monsterinsights_sitenote_note":"","_monsterinsights_sitenote_category":0,"footnotes":""},"class_list":["post-1093","page","type-page","status-publish","hentry"],"yoast_head":"<!-- This site is optimized with the Yoast SEO plugin v27.4 - https:\/\/yoast.com\/product\/yoast-seo-wordpress\/ -->\n<title>Kyste synovial | IMPPACT Chirurgie<\/title>\n<meta name=\"robots\" content=\"index, follow, max-snippet:-1, max-image-preview:large, max-video-preview:-1\" \/>\n<link rel=\"canonical\" href=\"https:\/\/imppact-chirurgie.fr\/index.php\/orthopedie\/chirurgie-de-la-main\/kyste-synovial\/\" \/>\n<meta property=\"og:locale\" content=\"fr_FR\" \/>\n<meta property=\"og:type\" content=\"article\" \/>\n<meta property=\"og:title\" content=\"Kyste synovial | IMPPACT Chirurgie\" \/>\n<meta property=\"og:description\" content=\"Le kyste synovial Un kyste synovial au doigt est une masse remplie de liquide synovial qui se d\u00e9veloppe g\u00e9n\u00e9ralement pr\u00e8s des articulations ou des tendons. Causes Traumatismes r\u00e9p\u00e9titifs : Les mouvements r\u00e9p\u00e9titifs ou les blessures au doigt peuvent provoquer des kystes synoviaux. Arthrite : Les personnes souffrant d&#039;arthrite, notamment l&#039;arthrose, sont plus susceptibles de d\u00e9velopper [&hellip;]\" \/>\n<meta property=\"og:url\" content=\"https:\/\/imppact-chirurgie.fr\/index.php\/orthopedie\/chirurgie-de-la-main\/kyste-synovial\/\" \/>\n<meta property=\"og:site_name\" content=\"IMPPACT Chirurgie\" \/>\n<meta property=\"article:modified_time\" content=\"2024-10-01T11:17:30+00:00\" \/>\n<meta name=\"twitter:card\" content=\"summary_large_image\" \/>\n<meta name=\"twitter:label1\" content=\"Dur\u00e9e de lecture estim\u00e9e\" \/>\n\t<meta name=\"twitter:data1\" content=\"2 minutes\" \/>\n<script type=\"application\/ld+json\" class=\"yoast-schema-graph\">{\"@context\":\"https:\\\/\\\/schema.org\",\"@graph\":[{\"@type\":\"WebPage\",\"@id\":\"https:\\\/\\\/imppact-chirurgie.fr\\\/index.php\\\/orthopedie\\\/chirurgie-de-la-main\\\/kyste-synovial\\\/\",\"url\":\"https:\\\/\\\/imppact-chirurgie.fr\\\/index.php\\\/orthopedie\\\/chirurgie-de-la-main\\\/kyste-synovial\\\/\",\"name\":\"Kyste synovial | IMPPACT Chirurgie\",\"isPartOf\":{\"@id\":\"https:\\\/\\\/imppact-chirurgie.fr\\\/#website\"},\"datePublished\":\"2024-03-26T13:45:31+00:00\",\"dateModified\":\"2024-10-01T11:17:30+00:00\",\"breadcrumb\":{\"@id\":\"https:\\\/\\\/imppact-chirurgie.fr\\\/index.php\\\/orthopedie\\\/chirurgie-de-la-main\\\/kyste-synovial\\\/#breadcrumb\"},\"inLanguage\":\"fr-FR\",\"potentialAction\":[{\"@type\":\"ReadAction\",\"target\":[\"https:\\\/\\\/imppact-chirurgie.fr\\\/index.php\\\/orthopedie\\\/chirurgie-de-la-main\\\/kyste-synovial\\\/\"]}]},{\"@type\":\"BreadcrumbList\",\"@id\":\"https:\\\/\\\/imppact-chirurgie.fr\\\/index.php\\\/orthopedie\\\/chirurgie-de-la-main\\\/kyste-synovial\\\/#breadcrumb\",\"itemListElement\":[{\"@type\":\"ListItem\",\"position\":1,\"name\":\"Accueil\",\"item\":\"https:\\\/\\\/imppact-chirurgie.fr\\\/\"},{\"@type\":\"ListItem\",\"position\":2,\"name\":\"Orthop\u00e9die\",\"item\":\"https:\\\/\\\/imppact-chirurgie.fr\\\/index.php\\\/orthopedie\\\/\"},{\"@type\":\"ListItem\",\"position\":3,\"name\":\"Chirurgie de la main\",\"item\":\"https:\\\/\\\/imppact-chirurgie.fr\\\/index.php\\\/orthopedie\\\/chirurgie-de-la-main\\\/\"},{\"@type\":\"ListItem\",\"position\":4,\"name\":\"Kyste synovial\"}]},{\"@type\":\"WebSite\",\"@id\":\"https:\\\/\\\/imppact-chirurgie.fr\\\/#website\",\"url\":\"https:\\\/\\\/imppact-chirurgie.fr\\\/\",\"name\":\"IMPPACT Chirurgie\",\"description\":\"IMPPACT Institut Main Pied Plastique Articulations Chirurgie Traumatologie\",\"publisher\":{\"@id\":\"https:\\\/\\\/imppact-chirurgie.fr\\\/#organization\"},\"potentialAction\":[{\"@type\":\"SearchAction\",\"target\":{\"@type\":\"EntryPoint\",\"urlTemplate\":\"https:\\\/\\\/imppact-chirurgie.fr\\\/?s={search_term_string}\"},\"query-input\":{\"@type\":\"PropertyValueSpecification\",\"valueRequired\":true,\"valueName\":\"search_term_string\"}}],\"inLanguage\":\"fr-FR\"},{\"@type\":\"Organization\",\"@id\":\"https:\\\/\\\/imppact-chirurgie.fr\\\/#organization\",\"name\":\"Imppact Chirurgie\",\"alternateName\":\"Institut Main Pied Plastique Articulations Chirurgie Traumatologie\",\"url\":\"https:\\\/\\\/imppact-chirurgie.fr\\\/\",\"logo\":{\"@type\":\"ImageObject\",\"inLanguage\":\"fr-FR\",\"@id\":\"https:\\\/\\\/imppact-chirurgie.fr\\\/#\\\/schema\\\/logo\\\/image\\\/\",\"url\":\"https:\\\/\\\/imppact-chirurgie.fr\\\/wp-content\\\/uploads\\\/2024\\\/02\\\/logo_final_imppact.png\",\"contentUrl\":\"https:\\\/\\\/imppact-chirurgie.fr\\\/wp-content\\\/uploads\\\/2024\\\/02\\\/logo_final_imppact.png\",\"width\":1000,\"height\":523,\"caption\":\"Imppact Chirurgie\"},\"image\":{\"@id\":\"https:\\\/\\\/imppact-chirurgie.fr\\\/#\\\/schema\\\/logo\\\/image\\\/\"}}]}<\/script>\n<!-- \/ Yoast SEO plugin. -->","yoast_head_json":{"title":"Kyste synovial | IMPPACT Chirurgie","robots":{"index":"index","follow":"follow","max-snippet":"max-snippet:-1","max-image-preview":"max-image-preview:large","max-video-preview":"max-video-preview:-1"},"canonical":"https:\/\/imppact-chirurgie.fr\/index.php\/orthopedie\/chirurgie-de-la-main\/kyste-synovial\/","og_locale":"fr_FR","og_type":"article","og_title":"Kyste synovial | IMPPACT Chirurgie","og_description":"Le kyste synovial Un kyste synovial au doigt est une masse remplie de liquide synovial qui se d\u00e9veloppe g\u00e9n\u00e9ralement pr\u00e8s des articulations ou des tendons. Causes Traumatismes r\u00e9p\u00e9titifs : Les mouvements r\u00e9p\u00e9titifs ou les blessures au doigt peuvent provoquer des kystes synoviaux. Arthrite : Les personnes souffrant d'arthrite, notamment l'arthrose, sont plus susceptibles de d\u00e9velopper [&hellip;]","og_url":"https:\/\/imppact-chirurgie.fr\/index.php\/orthopedie\/chirurgie-de-la-main\/kyste-synovial\/","og_site_name":"IMPPACT Chirurgie","article_modified_time":"2024-10-01T11:17:30+00:00","twitter_card":"summary_large_image","twitter_misc":{"Dur\u00e9e de lecture estim\u00e9e":"2 minutes"},"schema":{"@context":"https:\/\/schema.org","@graph":[{"@type":"WebPage","@id":"https:\/\/imppact-chirurgie.fr\/index.php\/orthopedie\/chirurgie-de-la-main\/kyste-synovial\/","url":"https:\/\/imppact-chirurgie.fr\/index.php\/orthopedie\/chirurgie-de-la-main\/kyste-synovial\/","name":"Kyste synovial | IMPPACT Chirurgie","isPartOf":{"@id":"https:\/\/imppact-chirurgie.fr\/#website"},"datePublished":"2024-03-26T13:45:31+00:00","dateModified":"2024-10-01T11:17:30+00:00","breadcrumb":{"@id":"https:\/\/imppact-chirurgie.fr\/index.php\/orthopedie\/chirurgie-de-la-main\/kyste-synovial\/#breadcrumb"},"inLanguage":"fr-FR","potentialAction":[{"@type":"ReadAction","target":["https:\/\/imppact-chirurgie.fr\/index.php\/orthopedie\/chirurgie-de-la-main\/kyste-synovial\/"]}]},{"@type":"BreadcrumbList","@id":"https:\/\/imppact-chirurgie.fr\/index.php\/orthopedie\/chirurgie-de-la-main\/kyste-synovial\/#breadcrumb","itemListElement":[{"@type":"ListItem","position":1,"name":"Accueil","item":"https:\/\/imppact-chirurgie.fr\/"},{"@type":"ListItem","position":2,"name":"Orthop\u00e9die","item":"https:\/\/imppact-chirurgie.fr\/index.php\/orthopedie\/"},{"@type":"ListItem","position":3,"name":"Chirurgie de la main","item":"https:\/\/imppact-chirurgie.fr\/index.php\/orthopedie\/chirurgie-de-la-main\/"},{"@type":"ListItem","position":4,"name":"Kyste synovial"}]},{"@type":"WebSite","@id":"https:\/\/imppact-chirurgie.fr\/#website","url":"https:\/\/imppact-chirurgie.fr\/","name":"IMPPACT Chirurgie","description":"IMPPACT Institut Main Pied Plastique Articulations Chirurgie Traumatologie","publisher":{"@id":"https:\/\/imppact-chirurgie.fr\/#organization"},"potentialAction":[{"@type":"SearchAction","target":{"@type":"EntryPoint","urlTemplate":"https:\/\/imppact-chirurgie.fr\/?s={search_term_string}"},"query-input":{"@type":"PropertyValueSpecification","valueRequired":true,"valueName":"search_term_string"}}],"inLanguage":"fr-FR"},{"@type":"Organization","@id":"https:\/\/imppact-chirurgie.fr\/#organization","name":"Imppact Chirurgie","alternateName":"Institut Main Pied Plastique Articulations Chirurgie Traumatologie","url":"https:\/\/imppact-chirurgie.fr\/","logo":{"@type":"ImageObject","inLanguage":"fr-FR","@id":"https:\/\/imppact-chirurgie.fr\/#\/schema\/logo\/image\/","url":"https:\/\/imppact-chirurgie.fr\/wp-content\/uploads\/2024\/02\/logo_final_imppact.png","contentUrl":"https:\/\/imppact-chirurgie.fr\/wp-content\/uploads\/2024\/02\/logo_final_imppact.png","width":1000,"height":523,"caption":"Imppact Chirurgie"},"image":{"@id":"https:\/\/imppact-chirurgie.fr\/#\/schema\/logo\/image\/"}}]}},"_links":{"self":[{"href":"https:\/\/imppact-chirurgie.fr\/index.php\/wp-json\/wp\/v2\/pages\/1093","targetHints":{"allow":["GET"]}}],"collection":[{"href":"https:\/\/imppact-chirurgie.fr\/index.php\/wp-json\/wp\/v2\/pages"}],"about":[{"href":"https:\/\/imppact-chirurgie.fr\/index.php\/wp-json\/wp\/v2\/types\/page"}],"author":[{"embeddable":true,"href":"https:\/\/imppact-chirurgie.fr\/index.php\/wp-json\/wp\/v2\/users\/1"}],"replies":[{"embeddable":true,"href":"https:\/\/imppact-chirurgie.fr\/index.php\/wp-json\/wp\/v2\/comments?post=1093"}],"version-history":[{"count":6,"href":"https:\/\/imppact-chirurgie.fr\/index.php\/wp-json\/wp\/v2\/pages\/1093\/revisions"}],"predecessor-version":[{"id":1756,"href":"https:\/\/imppact-chirurgie.fr\/index.php\/wp-json\/wp\/v2\/pages\/1093\/revisions\/1756"}],"up":[{"embeddable":true,"href":"https:\/\/imppact-chirurgie.fr\/index.php\/wp-json\/wp\/v2\/pages\/1014"}],"wp:attachment":[{"href":"https:\/\/imppact-chirurgie.fr\/index.php\/wp-json\/wp\/v2\/media?parent=1093"}],"curies":[{"name":"wp","href":"https:\/\/api.w.org\/{rel}","templated":true}]}}