{"id":1243,"date":"2024-04-15T11:37:11","date_gmt":"2024-04-15T09:37:11","guid":{"rendered":"https:\/\/imppact-chirurgie.fr\/?page_id=1243"},"modified":"2024-09-16T13:17:21","modified_gmt":"2024-09-16T11:17:21","slug":"lesion-scapho-lunaire","status":"publish","type":"page","link":"https:\/\/imppact-chirurgie.fr\/index.php\/orthopedie\/chirurgie-du-poignet\/lesion-scapho-lunaire\/","title":{"rendered":"L\u00e9sion scapho-lunaire"},"content":{"rendered":"<p>[et_pb_section fb_built=\u00a0\u00bb1&Prime; admin_label=\u00a0\u00bbsection\u00a0\u00bb _builder_version=\u00a0\u00bb4.16&Prime; custom_padding=\u00a0\u00bb||0px|||\u00a0\u00bb global_colors_info=\u00a0\u00bb{}\u00a0\u00bb][et_pb_row admin_label=\u00a0\u00bbrow\u00a0\u00bb _builder_version=\u00a0\u00bb4.27.0&Prime; background_size=\u00a0\u00bbinitial\u00a0\u00bb background_position=\u00a0\u00bbtop_left\u00a0\u00bb background_repeat=\u00a0\u00bbrepeat\u00a0\u00bb custom_margin=\u00a0\u00bb||||false|false\u00a0\u00bb custom_padding=\u00a0\u00bb||||false|false\u00a0\u00bb hover_enabled=\u00a0\u00bb0&Prime; global_colors_info=\u00a0\u00bb{}\u00a0\u00bb sticky_enabled=\u00a0\u00bb0&Prime;][et_pb_column type=\u00a0\u00bb4_4&Prime; _builder_version=\u00a0\u00bb4.16&Prime; custom_padding=\u00a0\u00bb|||\u00a0\u00bb global_colors_info=\u00a0\u00bb{}\u00a0\u00bb custom_padding__hover=\u00a0\u00bb|||\u00a0\u00bb][et_pb_text admin_label=\u00a0\u00bbText\u00a0\u00bb _builder_version=\u00a0\u00bb4.27.0&Prime; background_size=\u00a0\u00bbinitial\u00a0\u00bb background_position=\u00a0\u00bbtop_left\u00a0\u00bb background_repeat=\u00a0\u00bbrepeat\u00a0\u00bb width=\u00a0\u00bb99.8%\u00a0\u00bb min_height=\u00a0\u00bb157.8px\u00a0\u00bb custom_margin=\u00a0\u00bb||-49px||false|false\u00a0\u00bb custom_padding=\u00a0\u00bb12px||14px|0px||\u00a0\u00bb hover_enabled=\u00a0\u00bb0&Prime; global_colors_info=\u00a0\u00bb{}\u00a0\u00bb sticky_enabled=\u00a0\u00bb0&Prime;]<\/p>\n<h2 style=\"text-align: justify;\">L&rsquo;entorse du poignet \/ l\u00e9sion scapho-lunaire<\/h2>\n<p class=\"p1\">L&rsquo;entorse scapho-lunaire est une l\u00e9sion des ligaments situ\u00e9s entre les os scapho\u00efde et lunaire du poignet. Cette blessure est souvent caus\u00e9e par une chute sur la main ou un traumatisme direct, et elle peut \u00eatre difficile \u00e0 diagnostiquer et \u00e0 traiter en raison de la complexit\u00e9 de l&rsquo;anatomie du poignet.<\/p>\n<p class=\"p2\"><b>Diagnostic<\/b><\/p>\n<ul class=\"ul1\">\n<li class=\"li1\"><b>Anamn\u00e8se et Examen Clinique:<\/b><\/li>\n<ul class=\"ul1\">\n<li class=\"li1\"><b>Historique de la Blessure:<\/b> Le patient d\u00e9crit souvent une douleur apr\u00e8s une chute sur la main en extension.<\/li>\n<li class=\"li1\"><b>Sympt\u00f4mes:<\/b> Douleur au poignet, gonflement, sensibilit\u00e9 \u00e0 la palpation entre le scapho\u00efde et le lunatum, diminution de la force de pr\u00e9hension.<\/li>\n<li class=\"li1\"><b>Tests Cliniques:<\/b><\/li>\n<ul class=\"ul1\">\n<li class=\"li1\"><b>Test de Watson:<\/b> Le patient ressent une douleur ou un \u00ab\u00a0claquement\u00a0\u00bb en d\u00e9pla\u00e7ant le poignet de l&rsquo;ulnaire \u00e0 la radiale sous pression.<\/li>\n<\/ul>\n<\/ul>\n<li class=\"li1\"><b>Imagerie:<\/b><\/li>\n<ul class=\"ul1\">\n<li class=\"li1\"><b>Radiographies:<\/b> Des radiographies standards peuvent montrer un espace augment\u00e9 entre le scapho\u00efde et le lunatum (Diastasis)<\/li>\n<li class=\"li1\"><b>IRM:<\/b> Permet une \u00e9valuation d\u00e9taill\u00e9e des tissus mous, incluant les ligaments.<\/li>\n<li class=\"li1\"><b>Arthroscanner:<\/b> Utilis\u00e9e pour \u00e9valuer les structures ligamentaires et osseuses<\/li>\n<li class=\"li1\"><b>L\u2019arthroscopie\u00a0:<\/b> utilis\u00e9 pour<\/li>\n<\/ul>\n<\/ul>\n<p class=\"p2\"><b>Traitement<\/b><\/p>\n<p class=\"p1\">Le traitement de l&rsquo;entorse scapho-lunaire varie en fonction de la gravit\u00e9 de la blessure et du d\u00e9lai depuis le traumatisme.<\/p>\n<ul class=\"ul1\">\n<li class=\"li1\"><b>Traitement Conservateur (pour les entorses l\u00e9g\u00e8res):<\/b><\/li>\n<ul class=\"ul1\">\n<li class=\"li1\"><b>Immobilisation:<\/b> Une attelle ou un pl\u00e2tre pour immobiliser le poignet pendant 6 \u00e0 8 semaines.<\/li>\n<li class=\"li1\"><b>M\u00e9dicaments:<\/b> Analg\u00e9siques et anti-inflammatoires pour g\u00e9rer la douleur et l&rsquo;inflammation.<\/li>\n<li class=\"li1\"><b>R\u00e9\u00e9ducation:<\/b> Exercices de renforcement et de mobilisation sous la supervision d&rsquo;un kin\u00e9sith\u00e9rapeute une fois l&rsquo;immobilisation termin\u00e9e.<\/li>\n<\/ul>\n<li class=\"li1\"><b>Traitement Chirurgical (pour les entorses mod\u00e9r\u00e9es \u00e0 s\u00e9v\u00e8res ou \u00e9chec du traitement conservateur):<\/b><\/li>\n<ul class=\"ul1\">\n<li class=\"li1\"><b>R\u00e9paration Ligamentaire:<\/b> Suture directe des ligaments si la l\u00e9sion est r\u00e9cente.<\/li>\n<li class=\"li1\"><b>Reconstruction Ligamentaire:<\/b> Utilisation de greffons tendineux pour reconstruire les ligaments d\u00e9chir\u00e9s.<\/li>\n<li class=\"li1\"><b>Fixation Osseuse:<\/b> Utilisation de broches ou de vis pour stabiliser les os du poignet.<\/li>\n<li class=\"li1\"><b>Arthrod\u00e8se Partielle:<\/b> Fusion de certaines articulations pour stabiliser le poignet en cas de l\u00e9sion chronique et instable.<\/li>\n<\/ul>\n<\/ul>\n<p class=\"p2\"><b>Suivi et R\u00e9habilitation<\/b><\/p>\n<ul class=\"ul1\">\n<li class=\"li1\"><b>Suivi R\u00e9gulier:<\/b> Pour \u00e9valuer la gu\u00e9rison et ajuster le traitement si n\u00e9cessaire.<\/li>\n<li class=\"li1\"><b>R\u00e9\u00e9ducation Intensive:<\/b> Programme de physioth\u00e9rapie pour r\u00e9cup\u00e9rer la force, la mobilit\u00e9 et la fonction du poignet.<\/li>\n<li class=\"li1\"><b>Pr\u00e9vention:<\/b> \u00c9ducation sur les techniques pour \u00e9viter les blessures futures, notamment lors de la pratique de sports ou d&rsquo;activit\u00e9s \u00e0 risque.<\/li>\n<\/ul>\n<p class=\"p2\"><b>Conclusion<\/b><\/p>\n<p class=\"p1\">L&rsquo;entorse scapho-lunaire n\u00e9cessite une \u00e9valuation pr\u00e9cise et un traitement appropri\u00e9 pour \u00e9viter des complications \u00e0 long terme comme l&rsquo;arthrose du poignet. Une prise en charge rapide et ad\u00e9quate augmente les chances de r\u00e9cup\u00e9ration compl\u00e8te.<\/p>\n<p class=\"p3\">\n<p>[\/et_pb_text][\/et_pb_column][\/et_pb_row][et_pb_row _builder_version=\u00a0\u00bb4.27.0&Prime; _module_preset=\u00a0\u00bbdefault\u00a0\u00bb global_colors_info=\u00a0\u00bb{}\u00a0\u00bb theme_builder_area=\u00a0\u00bbpost_content\u00a0\u00bb][et_pb_column type=\u00a0\u00bb4_4&Prime; _builder_version=\u00a0\u00bb4.27.0&Prime; _module_preset=\u00a0\u00bbdefault\u00a0\u00bb global_colors_info=\u00a0\u00bb{}\u00a0\u00bb theme_builder_area=\u00a0\u00bbpost_content\u00a0\u00bb][et_pb_gallery gallery_ids=\u00a0\u00bb1458,1459&Prime; _builder_version=\u00a0\u00bb4.27.0&Prime; _module_preset=\u00a0\u00bbdefault\u00a0\u00bb title_level=\u00a0\u00bbh6&Prime; title_font=\u00a0\u00bb|||on|||||\u00a0\u00bb hover_enabled=\u00a0\u00bb0&Prime; global_colors_info=\u00a0\u00bb{}\u00a0\u00bb theme_builder_area=\u00a0\u00bbpost_content\u00a0\u00bb sticky_enabled=\u00a0\u00bb0&Prime;][\/et_pb_gallery][\/et_pb_column][\/et_pb_row][\/et_pb_section]<\/p>\n","protected":false},"excerpt":{"rendered":"<p>L&rsquo;entorse du poignet \/ l\u00e9sion scapho-lunaire L&rsquo;entorse scapho-lunaire est une l\u00e9sion des ligaments situ\u00e9s entre les os scapho\u00efde et lunaire du poignet. Cette blessure est souvent caus\u00e9e par une chute sur la main ou un traumatisme direct, et elle peut \u00eatre difficile \u00e0 diagnostiquer et \u00e0 traiter en raison de la complexit\u00e9 de l&rsquo;anatomie du [&hellip;]<\/p>\n","protected":false},"author":1,"featured_media":0,"parent":1170,"menu_order":0,"comment_status":"closed","ping_status":"closed","template":"","meta":{"_et_pb_use_builder":"on","_et_pb_old_content":"","_et_gb_content_width":"","_monsterinsights_skip_tracking":false,"_monsterinsights_sitenote_active":false,"_monsterinsights_sitenote_note":"","_monsterinsights_sitenote_category":0,"footnotes":""},"class_list":["post-1243","page","type-page","status-publish","hentry"],"yoast_head":"<!-- This site is optimized with the Yoast SEO plugin v27.4 - https:\/\/yoast.com\/product\/yoast-seo-wordpress\/ -->\n<title>L\u00e9sion scapho-lunaire | IMPPACT Chirurgie<\/title>\n<meta name=\"robots\" content=\"index, follow, max-snippet:-1, max-image-preview:large, max-video-preview:-1\" \/>\n<link rel=\"canonical\" href=\"https:\/\/imppact-chirurgie.fr\/index.php\/orthopedie\/chirurgie-du-poignet\/lesion-scapho-lunaire\/\" \/>\n<meta property=\"og:locale\" content=\"fr_FR\" \/>\n<meta property=\"og:type\" content=\"article\" \/>\n<meta property=\"og:title\" content=\"L\u00e9sion scapho-lunaire | IMPPACT Chirurgie\" \/>\n<meta property=\"og:description\" content=\"L&#039;entorse du poignet \/ l\u00e9sion scapho-lunaire L&#039;entorse scapho-lunaire est une l\u00e9sion des ligaments situ\u00e9s entre les os scapho\u00efde et lunaire du poignet. Cette blessure est souvent caus\u00e9e par une chute sur la main ou un traumatisme direct, et elle peut \u00eatre difficile \u00e0 diagnostiquer et \u00e0 traiter en raison de la complexit\u00e9 de l&#039;anatomie du [&hellip;]\" \/>\n<meta property=\"og:url\" content=\"https:\/\/imppact-chirurgie.fr\/index.php\/orthopedie\/chirurgie-du-poignet\/lesion-scapho-lunaire\/\" \/>\n<meta property=\"og:site_name\" content=\"IMPPACT Chirurgie\" \/>\n<meta property=\"article:modified_time\" content=\"2024-09-16T11:17:21+00:00\" \/>\n<meta name=\"twitter:card\" content=\"summary_large_image\" \/>\n<meta name=\"twitter:label1\" content=\"Dur\u00e9e de lecture estim\u00e9e\" \/>\n\t<meta name=\"twitter:data1\" content=\"1 minute\" \/>\n<script type=\"application\/ld+json\" class=\"yoast-schema-graph\">{\"@context\":\"https:\\\/\\\/schema.org\",\"@graph\":[{\"@type\":\"WebPage\",\"@id\":\"https:\\\/\\\/imppact-chirurgie.fr\\\/index.php\\\/orthopedie\\\/chirurgie-du-poignet\\\/lesion-scapho-lunaire\\\/\",\"url\":\"https:\\\/\\\/imppact-chirurgie.fr\\\/index.php\\\/orthopedie\\\/chirurgie-du-poignet\\\/lesion-scapho-lunaire\\\/\",\"name\":\"L\u00e9sion scapho-lunaire | IMPPACT Chirurgie\",\"isPartOf\":{\"@id\":\"https:\\\/\\\/imppact-chirurgie.fr\\\/#website\"},\"datePublished\":\"2024-04-15T09:37:11+00:00\",\"dateModified\":\"2024-09-16T11:17:21+00:00\",\"breadcrumb\":{\"@id\":\"https:\\\/\\\/imppact-chirurgie.fr\\\/index.php\\\/orthopedie\\\/chirurgie-du-poignet\\\/lesion-scapho-lunaire\\\/#breadcrumb\"},\"inLanguage\":\"fr-FR\",\"potentialAction\":[{\"@type\":\"ReadAction\",\"target\":[\"https:\\\/\\\/imppact-chirurgie.fr\\\/index.php\\\/orthopedie\\\/chirurgie-du-poignet\\\/lesion-scapho-lunaire\\\/\"]}]},{\"@type\":\"BreadcrumbList\",\"@id\":\"https:\\\/\\\/imppact-chirurgie.fr\\\/index.php\\\/orthopedie\\\/chirurgie-du-poignet\\\/lesion-scapho-lunaire\\\/#breadcrumb\",\"itemListElement\":[{\"@type\":\"ListItem\",\"position\":1,\"name\":\"Accueil\",\"item\":\"https:\\\/\\\/imppact-chirurgie.fr\\\/\"},{\"@type\":\"ListItem\",\"position\":2,\"name\":\"Orthop\u00e9die\",\"item\":\"https:\\\/\\\/imppact-chirurgie.fr\\\/index.php\\\/orthopedie\\\/\"},{\"@type\":\"ListItem\",\"position\":3,\"name\":\"Chirurgie du poignet\",\"item\":\"https:\\\/\\\/imppact-chirurgie.fr\\\/index.php\\\/orthopedie\\\/chirurgie-du-poignet\\\/\"},{\"@type\":\"ListItem\",\"position\":4,\"name\":\"L\u00e9sion scapho-lunaire\"}]},{\"@type\":\"WebSite\",\"@id\":\"https:\\\/\\\/imppact-chirurgie.fr\\\/#website\",\"url\":\"https:\\\/\\\/imppact-chirurgie.fr\\\/\",\"name\":\"IMPPACT Chirurgie\",\"description\":\"IMPPACT Institut Main Pied Plastique Articulations Chirurgie Traumatologie\",\"publisher\":{\"@id\":\"https:\\\/\\\/imppact-chirurgie.fr\\\/#organization\"},\"potentialAction\":[{\"@type\":\"SearchAction\",\"target\":{\"@type\":\"EntryPoint\",\"urlTemplate\":\"https:\\\/\\\/imppact-chirurgie.fr\\\/?s={search_term_string}\"},\"query-input\":{\"@type\":\"PropertyValueSpecification\",\"valueRequired\":true,\"valueName\":\"search_term_string\"}}],\"inLanguage\":\"fr-FR\"},{\"@type\":\"Organization\",\"@id\":\"https:\\\/\\\/imppact-chirurgie.fr\\\/#organization\",\"name\":\"Imppact Chirurgie\",\"alternateName\":\"Institut Main Pied Plastique Articulations Chirurgie Traumatologie\",\"url\":\"https:\\\/\\\/imppact-chirurgie.fr\\\/\",\"logo\":{\"@type\":\"ImageObject\",\"inLanguage\":\"fr-FR\",\"@id\":\"https:\\\/\\\/imppact-chirurgie.fr\\\/#\\\/schema\\\/logo\\\/image\\\/\",\"url\":\"https:\\\/\\\/imppact-chirurgie.fr\\\/wp-content\\\/uploads\\\/2024\\\/02\\\/logo_final_imppact.png\",\"contentUrl\":\"https:\\\/\\\/imppact-chirurgie.fr\\\/wp-content\\\/uploads\\\/2024\\\/02\\\/logo_final_imppact.png\",\"width\":1000,\"height\":523,\"caption\":\"Imppact Chirurgie\"},\"image\":{\"@id\":\"https:\\\/\\\/imppact-chirurgie.fr\\\/#\\\/schema\\\/logo\\\/image\\\/\"}}]}<\/script>\n<!-- \/ Yoast SEO plugin. -->","yoast_head_json":{"title":"L\u00e9sion scapho-lunaire | IMPPACT Chirurgie","robots":{"index":"index","follow":"follow","max-snippet":"max-snippet:-1","max-image-preview":"max-image-preview:large","max-video-preview":"max-video-preview:-1"},"canonical":"https:\/\/imppact-chirurgie.fr\/index.php\/orthopedie\/chirurgie-du-poignet\/lesion-scapho-lunaire\/","og_locale":"fr_FR","og_type":"article","og_title":"L\u00e9sion scapho-lunaire | IMPPACT Chirurgie","og_description":"L'entorse du poignet \/ l\u00e9sion scapho-lunaire L'entorse scapho-lunaire est une l\u00e9sion des ligaments situ\u00e9s entre les os scapho\u00efde et lunaire du poignet. Cette blessure est souvent caus\u00e9e par une chute sur la main ou un traumatisme direct, et elle peut \u00eatre difficile \u00e0 diagnostiquer et \u00e0 traiter en raison de la complexit\u00e9 de l'anatomie du [&hellip;]","og_url":"https:\/\/imppact-chirurgie.fr\/index.php\/orthopedie\/chirurgie-du-poignet\/lesion-scapho-lunaire\/","og_site_name":"IMPPACT Chirurgie","article_modified_time":"2024-09-16T11:17:21+00:00","twitter_card":"summary_large_image","twitter_misc":{"Dur\u00e9e de lecture estim\u00e9e":"1 minute"},"schema":{"@context":"https:\/\/schema.org","@graph":[{"@type":"WebPage","@id":"https:\/\/imppact-chirurgie.fr\/index.php\/orthopedie\/chirurgie-du-poignet\/lesion-scapho-lunaire\/","url":"https:\/\/imppact-chirurgie.fr\/index.php\/orthopedie\/chirurgie-du-poignet\/lesion-scapho-lunaire\/","name":"L\u00e9sion scapho-lunaire | IMPPACT Chirurgie","isPartOf":{"@id":"https:\/\/imppact-chirurgie.fr\/#website"},"datePublished":"2024-04-15T09:37:11+00:00","dateModified":"2024-09-16T11:17:21+00:00","breadcrumb":{"@id":"https:\/\/imppact-chirurgie.fr\/index.php\/orthopedie\/chirurgie-du-poignet\/lesion-scapho-lunaire\/#breadcrumb"},"inLanguage":"fr-FR","potentialAction":[{"@type":"ReadAction","target":["https:\/\/imppact-chirurgie.fr\/index.php\/orthopedie\/chirurgie-du-poignet\/lesion-scapho-lunaire\/"]}]},{"@type":"BreadcrumbList","@id":"https:\/\/imppact-chirurgie.fr\/index.php\/orthopedie\/chirurgie-du-poignet\/lesion-scapho-lunaire\/#breadcrumb","itemListElement":[{"@type":"ListItem","position":1,"name":"Accueil","item":"https:\/\/imppact-chirurgie.fr\/"},{"@type":"ListItem","position":2,"name":"Orthop\u00e9die","item":"https:\/\/imppact-chirurgie.fr\/index.php\/orthopedie\/"},{"@type":"ListItem","position":3,"name":"Chirurgie du poignet","item":"https:\/\/imppact-chirurgie.fr\/index.php\/orthopedie\/chirurgie-du-poignet\/"},{"@type":"ListItem","position":4,"name":"L\u00e9sion scapho-lunaire"}]},{"@type":"WebSite","@id":"https:\/\/imppact-chirurgie.fr\/#website","url":"https:\/\/imppact-chirurgie.fr\/","name":"IMPPACT Chirurgie","description":"IMPPACT Institut Main Pied Plastique Articulations Chirurgie Traumatologie","publisher":{"@id":"https:\/\/imppact-chirurgie.fr\/#organization"},"potentialAction":[{"@type":"SearchAction","target":{"@type":"EntryPoint","urlTemplate":"https:\/\/imppact-chirurgie.fr\/?s={search_term_string}"},"query-input":{"@type":"PropertyValueSpecification","valueRequired":true,"valueName":"search_term_string"}}],"inLanguage":"fr-FR"},{"@type":"Organization","@id":"https:\/\/imppact-chirurgie.fr\/#organization","name":"Imppact Chirurgie","alternateName":"Institut Main Pied Plastique Articulations Chirurgie Traumatologie","url":"https:\/\/imppact-chirurgie.fr\/","logo":{"@type":"ImageObject","inLanguage":"fr-FR","@id":"https:\/\/imppact-chirurgie.fr\/#\/schema\/logo\/image\/","url":"https:\/\/imppact-chirurgie.fr\/wp-content\/uploads\/2024\/02\/logo_final_imppact.png","contentUrl":"https:\/\/imppact-chirurgie.fr\/wp-content\/uploads\/2024\/02\/logo_final_imppact.png","width":1000,"height":523,"caption":"Imppact Chirurgie"},"image":{"@id":"https:\/\/imppact-chirurgie.fr\/#\/schema\/logo\/image\/"}}]}},"_links":{"self":[{"href":"https:\/\/imppact-chirurgie.fr\/index.php\/wp-json\/wp\/v2\/pages\/1243","targetHints":{"allow":["GET"]}}],"collection":[{"href":"https:\/\/imppact-chirurgie.fr\/index.php\/wp-json\/wp\/v2\/pages"}],"about":[{"href":"https:\/\/imppact-chirurgie.fr\/index.php\/wp-json\/wp\/v2\/types\/page"}],"author":[{"embeddable":true,"href":"https:\/\/imppact-chirurgie.fr\/index.php\/wp-json\/wp\/v2\/users\/1"}],"replies":[{"embeddable":true,"href":"https:\/\/imppact-chirurgie.fr\/index.php\/wp-json\/wp\/v2\/comments?post=1243"}],"version-history":[{"count":5,"href":"https:\/\/imppact-chirurgie.fr\/index.php\/wp-json\/wp\/v2\/pages\/1243\/revisions"}],"predecessor-version":[{"id":1460,"href":"https:\/\/imppact-chirurgie.fr\/index.php\/wp-json\/wp\/v2\/pages\/1243\/revisions\/1460"}],"up":[{"embeddable":true,"href":"https:\/\/imppact-chirurgie.fr\/index.php\/wp-json\/wp\/v2\/pages\/1170"}],"wp:attachment":[{"href":"https:\/\/imppact-chirurgie.fr\/index.php\/wp-json\/wp\/v2\/media?parent=1243"}],"curies":[{"name":"wp","href":"https:\/\/api.w.org\/{rel}","templated":true}]}}