{"id":1392,"date":"2024-09-12T09:54:14","date_gmt":"2024-09-12T07:54:14","guid":{"rendered":"https:\/\/imppact-chirurgie.fr\/?page_id=1392"},"modified":"2024-10-29T10:03:24","modified_gmt":"2024-10-29T09:03:24","slug":"plaie-tendons-flechisseurs","status":"publish","type":"page","link":"https:\/\/imppact-chirurgie.fr\/index.php\/sos-mains\/plaie-tendons-flechisseurs\/","title":{"rendered":"Plaie tendons fl\u00e9chisseurs"},"content":{"rendered":"<p>[et_pb_section fb_built=\u00a0\u00bb1&Prime; admin_label=\u00a0\u00bbsection\u00a0\u00bb _builder_version=\u00a0\u00bb4.16&Prime; global_colors_info=\u00a0\u00bb{}\u00a0\u00bb][et_pb_row admin_label=\u00a0\u00bbrow\u00a0\u00bb _builder_version=\u00a0\u00bb4.27.2&Prime; background_size=\u00a0\u00bbinitial\u00a0\u00bb background_position=\u00a0\u00bbtop_left\u00a0\u00bb background_repeat=\u00a0\u00bbrepeat\u00a0\u00bb custom_margin=\u00a0\u00bb||||false|false\u00a0\u00bb custom_padding=\u00a0\u00bb||||false|false\u00a0\u00bb hover_enabled=\u00a0\u00bb0&Prime; global_colors_info=\u00a0\u00bb{}\u00a0\u00bb sticky_enabled=\u00a0\u00bb0&Prime;][et_pb_column type=\u00a0\u00bb4_4&Prime; _builder_version=\u00a0\u00bb4.16&Prime; custom_padding=\u00a0\u00bb|||\u00a0\u00bb global_colors_info=\u00a0\u00bb{}\u00a0\u00bb custom_padding__hover=\u00a0\u00bb|||\u00a0\u00bb][et_pb_text admin_label=\u00a0\u00bbText\u00a0\u00bb _builder_version=\u00a0\u00bb4.24.3&Prime; background_size=\u00a0\u00bbinitial\u00a0\u00bb background_position=\u00a0\u00bbtop_left\u00a0\u00bb background_repeat=\u00a0\u00bbrepeat\u00a0\u00bb width=\u00a0\u00bb99.8%\u00a0\u00bb custom_margin=\u00a0\u00bb||||false|false\u00a0\u00bb custom_padding=\u00a0\u00bb|||0px||\u00a0\u00bb global_colors_info=\u00a0\u00bb{}\u00a0\u00bb]<\/p>\n<h2>La plaie des tendons fl\u00e9chisseurs<\/h2>\n<p class=\"p1\">Les plaies des tendons fl\u00e9chisseurs sont des blessures qui impliquent des dommages aux tendons situ\u00e9s sur la face palmaire de la main et des doigts. Ces tendons jouent un r\u00f4le crucial dans la flexion des doigts et du poignet.<\/p>\n<p class=\"p2\"><b>Causes<\/b><\/p>\n<ul class=\"ul1\">\n<li class=\"li1\"><b>Traumatismes aigus<\/b> : Les coupures profondes, les blessures par \u00e9crasement ou les perforations par des objets tranchants sont des causes courantes.<\/li>\n<li class=\"li1\"><b>Accidents de travail<\/b> : Les travailleurs manuels, comme les menuisiers et les m\u00e9caniciens, sont particuli\u00e8rement \u00e0 risque.<\/li>\n<\/ul>\n<p class=\"p2\"><b>Sympt\u00f4mes<\/b><\/p>\n<ul class=\"ul1\">\n<li class=\"li1\"><b>Douleur<\/b> : Douleur au site de la blessure, exacerb\u00e9e par les mouvements de flexion.<\/li>\n<li class=\"li1\"><b>Perte de fonction<\/b> : Incapacit\u00e9 de plier un ou plusieurs doigts.<\/li>\n<li class=\"li1\"><b>Saignement<\/b> : Peut \u00eatre pr\u00e9sent si les vaisseaux sanguins sont \u00e9galement endommag\u00e9s.<\/li>\n<li class=\"li1\"><b>Gonflement<\/b> : Inflammation autour du site de la plaie.<\/li>\n<\/ul>\n<p class=\"p2\"><b>Diagnostic<\/b><\/p>\n<ul class=\"ul1\">\n<li class=\"li1\"><b>Examen clinique<\/b> : Inspection visuelle et palpation pour \u00e9valuer l&rsquo;extension de la blessure \u00e0 l\u2019occasion d\u2019une consultation dans une centre SOS mains.<\/li>\n<li class=\"li1\"><b>Tests fonctionnels<\/b> : V\u00e9rification de la capacit\u00e9 de flexion des doigts pour identifier les tendons affect\u00e9s.<\/li>\n<li class=\"li1\"><b>Imagerie<\/b> : L&rsquo;\u00e9chographie peut-\u00eatre utilis\u00e9es pour visualiser l&rsquo;\u00e9tendue des l\u00e9sions tendineuses.<\/li>\n<\/ul>\n<p class=\"p2\"><b>Traitement<\/b><\/p>\n<ul class=\"ul1\">\n<li class=\"li1\"><b>Suture chirurgicale<\/b> dans un centre SOS mains: Les tendons fl\u00e9chisseurs n\u00e9cessitent une r\u00e9paration chirurgicale. Les techniques de sutures sp\u00e9cifiques sont utilis\u00e9es pour r\u00e9unir les extr\u00e9mit\u00e9s tendineuses.<\/li>\n<li class=\"li1\"><b>Immobilisation<\/b> : Apr\u00e8s la chirurgie, le doigt ou la main est g\u00e9n\u00e9ralement immobilis\u00e9 dans une attelle pour permettre la gu\u00e9rison g\u00e9n\u00e9ralement pendant 6 semaines.<\/li>\n<li class=\"li1\"><b>R\u00e9\u00e9ducation<\/b> : La kin\u00e9sith\u00e9rapie est essentielle pour r\u00e9cup\u00e9rer la force et la flexibilit\u00e9. Les exercices de mobilisation passive et active sont introduits progressivement en fonction des l\u00e9sions et de l\u2019avis de votre chirurgien.<\/li>\n<li class=\"li1\"><b>Antibiotiques<\/b> : En cas de plaie ouverte, des antibiotiques peuvent \u00eatre prescrits pour pr\u00e9venir l&rsquo;infection.<\/li>\n<\/ul>\n<p class=\"p2\"><b>Complications<\/b><\/p>\n<ul class=\"ul1\">\n<li class=\"li1\"><b>Adh\u00e9rences tendineuses<\/b> : Formation de tissu cicatriciel limitant la mobilit\u00e9.<\/li>\n<li class=\"li1\"><b>Rupture de la suture<\/b> : Peut n\u00e9cessiter une nouvelle intervention chirurgicale.<\/li>\n<li class=\"li1\"><b>Infections<\/b> : Les plaies profondes sont sujettes \u00e0 des infections, n\u00e9cessitant parfois des traitements suppl\u00e9mentaires.<\/li>\n<\/ul>\n<p class=\"p3\"><span class=\"s1\"><b>Chirurgie des tendons fl\u00e9chisseurs\u00a0:<\/b><\/span><\/p>\n<p class=\"p2\"><b>Techniques Chirurgicales<\/b><\/p>\n<ul class=\"ul1\">\n<li class=\"li1\"><b>Anesth\u00e9sie<\/b> : La proc\u00e9dure est r\u00e9alis\u00e9e sous anesth\u00e9sie locale, r\u00e9gionale (bloc nerveux) ou g\u00e9n\u00e9rale.<\/li>\n<li class=\"li1\"><b>Incision<\/b> : Une incision est faite pour acc\u00e9der au site de la blessure. L&rsquo;incision peut \u00eatre plus ou moins grande en fonction de la localisation et de l&rsquo;\u00e9tendue de la blessure.<\/li>\n<li class=\"li1\"><b>Nettoyage de la plaie<\/b> : Tout tissu n\u00e9crotique ou contamin\u00e9 est enlev\u00e9 pour pr\u00e9venir l&rsquo;infection.<\/li>\n<li class=\"li1\"><b>R\u00e9paration tendineuse<\/b> :<\/li>\n<ul class=\"ul1\">\n<li class=\"li1\"><b>Sutures<\/b> : Les techniques de suture varient, mais les plus courantes incluent la suture en 4 ou 6 brins pour assurer une solidit\u00e9 maximale.<\/li>\n<\/ul>\n<li class=\"li1\"><b>Inspection et r\u00e9paration des structures associ\u00e9es<\/b> : Les nerfs, les vaisseaux sanguins ou les gaines tendineuses endommag\u00e9es peuvent \u00e9galement \u00eatre r\u00e9par\u00e9s si n\u00e9cessaire.<\/li>\n<li class=\"li1\"><b>Fermeture<\/b> : La peau est sutur\u00e9e, et la main est plac\u00e9e dans une attelle pour immobilisation.<\/li>\n<\/ul>\n<p class=\"p2\"><b>Techniques de Sutures Courantes\u00a0:<\/b><\/p>\n<ul class=\"ul1\">\n<li class=\"li1\"><b>Technique de Bunnell<\/b> : Utilise une suture en boucle traversant le tendon \u00e0 plusieurs reprises.<\/li>\n<li class=\"li1\"><b>Technique de Kessler<\/b> : Suture en U modifi\u00e9e qui traverse le tendon longitudinalement, souvent renforc\u00e9e par des sutures p\u00e9riph\u00e9riques.<\/li>\n<\/ul>\n<p class=\"p2\"><b>Soins Postop\u00e9ratoires<\/b><\/p>\n<ul class=\"ul1\">\n<li class=\"li1\"><b>Immobilisation<\/b> : La main est souvent immobilis\u00e9e dans une attelle pendant les premi\u00e8res semaines pour permettre la gu\u00e9rison initiale.<\/li>\n<li class=\"li1\"><b>Gestion de la douleur<\/b> : Analg\u00e9siques et anti-inflammatoires pour g\u00e9rer la douleur postop\u00e9ratoire.<\/li>\n<li class=\"li1\"><b>Kin\u00e9sith\u00e9rapie <\/b>:<\/li>\n<ul class=\"ul1\">\n<li class=\"li1\"><b>Mobilisation passive pr\u00e9coce<\/b> : Souvent d\u00e9but\u00e9e quelques jours apr\u00e8s la chirurgie pour pr\u00e9venir les adh\u00e9rences.<\/li>\n<li class=\"li1\"><b>Mobilisation active<\/b> : Introduite progressivement pour restaurer la force et la flexibilit\u00e9.<\/li>\n<\/ul>\n<li class=\"li1\"><b>Suivi r\u00e9gulier<\/b> : Contr\u00f4les fr\u00e9quents avec le chirurgien et le kin\u00e9sith\u00e9rapeute pour surveiller la gu\u00e9rison et adapter les exercices de r\u00e9\u00e9ducation.<\/li>\n<\/ul>\n<p class=\"p2\"><b>Complications<\/b><\/p>\n<ul class=\"ul1\">\n<li class=\"li1\"><b>Adh\u00e9rences tendineuses<\/b> : Formation de tissu cicatriciel limitant la mobilit\u00e9.<\/li>\n<li class=\"li1\"><b>Rupture de la suture<\/b> : Peut n\u00e9cessiter une nouvelle intervention chirurgicale.<\/li>\n<li class=\"li1\"><b>Infections<\/b> : Bien que rares, elles peuvent survenir et n\u00e9cessiter des traitements suppl\u00e9mentaires.<\/li>\n<li class=\"li1\"><b>Perte de fonction<\/b> : Peut \u00eatre due \u00e0 des l\u00e9sions nerveuses ou une cicatrisation inad\u00e9quate.<\/li>\n<\/ul>\n<p class=\"p4\">\n<p class=\"p2\"><b>R\u00e9sultats et Prognostic<\/b><\/p>\n<p class=\"p1\">Avec une prise en charge chirurgicale rapide dans un centre SOS mains et une r\u00e9\u00e9ducation ad\u00e9quate, de nombreux patients r\u00e9cup\u00e8rent une grande partie de la fonction de leur main. La collaboration \u00e9troite entre le chirurgien de la main, le patient et le kin\u00e9sith\u00e9rapeute est essentielle pour optimiser les r\u00e9sultats.<\/p>\n<p class=\"p2\"><b>Pr\u00e9vention des blessures futures<\/b><\/p>\n<ul class=\"ul1\">\n<li class=\"li1\"><b>\u00c9quipement de protection<\/b> : Utilisation de gants de protection dans les environnements de travail \u00e0 risque.<\/li>\n<li class=\"li1\"><b>Formation \u00e0 la s\u00e9curit\u00e9<\/b> : Sensibilisation aux pratiques s\u00e9curitaires de manipulation des outils.<\/li>\n<\/ul>\n<p class=\"p5\">[\/et_pb_text][\/et_pb_column][\/et_pb_row][\/et_pb_section]<\/p>\n","protected":false},"excerpt":{"rendered":"<p>La plaie des tendons fl\u00e9chisseurs Les plaies des tendons fl\u00e9chisseurs sont des blessures qui impliquent des dommages aux tendons situ\u00e9s sur la face palmaire de la main et des doigts. Ces tendons jouent un r\u00f4le crucial dans la flexion des doigts et du poignet. Causes Traumatismes aigus : Les coupures profondes, les blessures par \u00e9crasement [&hellip;]<\/p>\n","protected":false},"author":1,"featured_media":0,"parent":889,"menu_order":0,"comment_status":"closed","ping_status":"closed","template":"","meta":{"_et_pb_use_builder":"on","_et_pb_old_content":"","_et_gb_content_width":"","_monsterinsights_skip_tracking":false,"_monsterinsights_sitenote_active":false,"_monsterinsights_sitenote_note":"","_monsterinsights_sitenote_category":0,"footnotes":""},"class_list":["post-1392","page","type-page","status-publish","hentry"],"yoast_head":"<!-- This site is optimized with the Yoast SEO plugin v27.4 - https:\/\/yoast.com\/product\/yoast-seo-wordpress\/ -->\n<title>Plaie tendons fl\u00e9chisseurs | IMPPACT Chirurgie<\/title>\n<meta name=\"robots\" content=\"index, follow, max-snippet:-1, max-image-preview:large, max-video-preview:-1\" \/>\n<link rel=\"canonical\" href=\"https:\/\/imppact-chirurgie.fr\/index.php\/sos-mains\/plaie-tendons-flechisseurs\/\" \/>\n<meta property=\"og:locale\" content=\"fr_FR\" \/>\n<meta property=\"og:type\" content=\"article\" \/>\n<meta property=\"og:title\" content=\"Plaie tendons fl\u00e9chisseurs | IMPPACT Chirurgie\" \/>\n<meta property=\"og:description\" content=\"La plaie des tendons fl\u00e9chisseurs Les plaies des tendons fl\u00e9chisseurs sont des blessures qui impliquent des dommages aux tendons situ\u00e9s sur la face palmaire de la main et des doigts. Ces tendons jouent un r\u00f4le crucial dans la flexion des doigts et du poignet. Causes Traumatismes aigus : Les coupures profondes, les blessures par \u00e9crasement [&hellip;]\" \/>\n<meta property=\"og:url\" content=\"https:\/\/imppact-chirurgie.fr\/index.php\/sos-mains\/plaie-tendons-flechisseurs\/\" \/>\n<meta property=\"og:site_name\" content=\"IMPPACT Chirurgie\" \/>\n<meta property=\"article:modified_time\" content=\"2024-10-29T09:03:24+00:00\" \/>\n<meta name=\"twitter:card\" content=\"summary_large_image\" \/>\n<meta name=\"twitter:label1\" content=\"Dur\u00e9e de lecture estim\u00e9e\" \/>\n\t<meta name=\"twitter:data1\" content=\"3 minutes\" \/>\n<script type=\"application\/ld+json\" class=\"yoast-schema-graph\">{\"@context\":\"https:\\\/\\\/schema.org\",\"@graph\":[{\"@type\":\"WebPage\",\"@id\":\"https:\\\/\\\/imppact-chirurgie.fr\\\/index.php\\\/sos-mains\\\/plaie-tendons-flechisseurs\\\/\",\"url\":\"https:\\\/\\\/imppact-chirurgie.fr\\\/index.php\\\/sos-mains\\\/plaie-tendons-flechisseurs\\\/\",\"name\":\"Plaie tendons fl\u00e9chisseurs | IMPPACT Chirurgie\",\"isPartOf\":{\"@id\":\"https:\\\/\\\/imppact-chirurgie.fr\\\/#website\"},\"datePublished\":\"2024-09-12T07:54:14+00:00\",\"dateModified\":\"2024-10-29T09:03:24+00:00\",\"breadcrumb\":{\"@id\":\"https:\\\/\\\/imppact-chirurgie.fr\\\/index.php\\\/sos-mains\\\/plaie-tendons-flechisseurs\\\/#breadcrumb\"},\"inLanguage\":\"fr-FR\",\"potentialAction\":[{\"@type\":\"ReadAction\",\"target\":[\"https:\\\/\\\/imppact-chirurgie.fr\\\/index.php\\\/sos-mains\\\/plaie-tendons-flechisseurs\\\/\"]}]},{\"@type\":\"BreadcrumbList\",\"@id\":\"https:\\\/\\\/imppact-chirurgie.fr\\\/index.php\\\/sos-mains\\\/plaie-tendons-flechisseurs\\\/#breadcrumb\",\"itemListElement\":[{\"@type\":\"ListItem\",\"position\":1,\"name\":\"Accueil\",\"item\":\"https:\\\/\\\/imppact-chirurgie.fr\\\/\"},{\"@type\":\"ListItem\",\"position\":2,\"name\":\"SOS mains\",\"item\":\"https:\\\/\\\/imppact-chirurgie.fr\\\/index.php\\\/sos-mains\\\/\"},{\"@type\":\"ListItem\",\"position\":3,\"name\":\"Plaie tendons fl\u00e9chisseurs\"}]},{\"@type\":\"WebSite\",\"@id\":\"https:\\\/\\\/imppact-chirurgie.fr\\\/#website\",\"url\":\"https:\\\/\\\/imppact-chirurgie.fr\\\/\",\"name\":\"IMPPACT Chirurgie\",\"description\":\"IMPPACT Institut Main Pied Plastique Articulations Chirurgie Traumatologie\",\"publisher\":{\"@id\":\"https:\\\/\\\/imppact-chirurgie.fr\\\/#organization\"},\"potentialAction\":[{\"@type\":\"SearchAction\",\"target\":{\"@type\":\"EntryPoint\",\"urlTemplate\":\"https:\\\/\\\/imppact-chirurgie.fr\\\/?s={search_term_string}\"},\"query-input\":{\"@type\":\"PropertyValueSpecification\",\"valueRequired\":true,\"valueName\":\"search_term_string\"}}],\"inLanguage\":\"fr-FR\"},{\"@type\":\"Organization\",\"@id\":\"https:\\\/\\\/imppact-chirurgie.fr\\\/#organization\",\"name\":\"Imppact Chirurgie\",\"alternateName\":\"Institut Main Pied Plastique Articulations Chirurgie Traumatologie\",\"url\":\"https:\\\/\\\/imppact-chirurgie.fr\\\/\",\"logo\":{\"@type\":\"ImageObject\",\"inLanguage\":\"fr-FR\",\"@id\":\"https:\\\/\\\/imppact-chirurgie.fr\\\/#\\\/schema\\\/logo\\\/image\\\/\",\"url\":\"https:\\\/\\\/imppact-chirurgie.fr\\\/wp-content\\\/uploads\\\/2024\\\/02\\\/logo_final_imppact.png\",\"contentUrl\":\"https:\\\/\\\/imppact-chirurgie.fr\\\/wp-content\\\/uploads\\\/2024\\\/02\\\/logo_final_imppact.png\",\"width\":1000,\"height\":523,\"caption\":\"Imppact Chirurgie\"},\"image\":{\"@id\":\"https:\\\/\\\/imppact-chirurgie.fr\\\/#\\\/schema\\\/logo\\\/image\\\/\"}}]}<\/script>\n<!-- \/ Yoast SEO plugin. -->","yoast_head_json":{"title":"Plaie tendons fl\u00e9chisseurs | IMPPACT Chirurgie","robots":{"index":"index","follow":"follow","max-snippet":"max-snippet:-1","max-image-preview":"max-image-preview:large","max-video-preview":"max-video-preview:-1"},"canonical":"https:\/\/imppact-chirurgie.fr\/index.php\/sos-mains\/plaie-tendons-flechisseurs\/","og_locale":"fr_FR","og_type":"article","og_title":"Plaie tendons fl\u00e9chisseurs | IMPPACT Chirurgie","og_description":"La plaie des tendons fl\u00e9chisseurs Les plaies des tendons fl\u00e9chisseurs sont des blessures qui impliquent des dommages aux tendons situ\u00e9s sur la face palmaire de la main et des doigts. Ces tendons jouent un r\u00f4le crucial dans la flexion des doigts et du poignet. Causes Traumatismes aigus : Les coupures profondes, les blessures par \u00e9crasement [&hellip;]","og_url":"https:\/\/imppact-chirurgie.fr\/index.php\/sos-mains\/plaie-tendons-flechisseurs\/","og_site_name":"IMPPACT Chirurgie","article_modified_time":"2024-10-29T09:03:24+00:00","twitter_card":"summary_large_image","twitter_misc":{"Dur\u00e9e de lecture estim\u00e9e":"3 minutes"},"schema":{"@context":"https:\/\/schema.org","@graph":[{"@type":"WebPage","@id":"https:\/\/imppact-chirurgie.fr\/index.php\/sos-mains\/plaie-tendons-flechisseurs\/","url":"https:\/\/imppact-chirurgie.fr\/index.php\/sos-mains\/plaie-tendons-flechisseurs\/","name":"Plaie tendons fl\u00e9chisseurs | IMPPACT Chirurgie","isPartOf":{"@id":"https:\/\/imppact-chirurgie.fr\/#website"},"datePublished":"2024-09-12T07:54:14+00:00","dateModified":"2024-10-29T09:03:24+00:00","breadcrumb":{"@id":"https:\/\/imppact-chirurgie.fr\/index.php\/sos-mains\/plaie-tendons-flechisseurs\/#breadcrumb"},"inLanguage":"fr-FR","potentialAction":[{"@type":"ReadAction","target":["https:\/\/imppact-chirurgie.fr\/index.php\/sos-mains\/plaie-tendons-flechisseurs\/"]}]},{"@type":"BreadcrumbList","@id":"https:\/\/imppact-chirurgie.fr\/index.php\/sos-mains\/plaie-tendons-flechisseurs\/#breadcrumb","itemListElement":[{"@type":"ListItem","position":1,"name":"Accueil","item":"https:\/\/imppact-chirurgie.fr\/"},{"@type":"ListItem","position":2,"name":"SOS mains","item":"https:\/\/imppact-chirurgie.fr\/index.php\/sos-mains\/"},{"@type":"ListItem","position":3,"name":"Plaie tendons fl\u00e9chisseurs"}]},{"@type":"WebSite","@id":"https:\/\/imppact-chirurgie.fr\/#website","url":"https:\/\/imppact-chirurgie.fr\/","name":"IMPPACT Chirurgie","description":"IMPPACT Institut Main Pied Plastique Articulations Chirurgie Traumatologie","publisher":{"@id":"https:\/\/imppact-chirurgie.fr\/#organization"},"potentialAction":[{"@type":"SearchAction","target":{"@type":"EntryPoint","urlTemplate":"https:\/\/imppact-chirurgie.fr\/?s={search_term_string}"},"query-input":{"@type":"PropertyValueSpecification","valueRequired":true,"valueName":"search_term_string"}}],"inLanguage":"fr-FR"},{"@type":"Organization","@id":"https:\/\/imppact-chirurgie.fr\/#organization","name":"Imppact Chirurgie","alternateName":"Institut Main Pied Plastique Articulations Chirurgie Traumatologie","url":"https:\/\/imppact-chirurgie.fr\/","logo":{"@type":"ImageObject","inLanguage":"fr-FR","@id":"https:\/\/imppact-chirurgie.fr\/#\/schema\/logo\/image\/","url":"https:\/\/imppact-chirurgie.fr\/wp-content\/uploads\/2024\/02\/logo_final_imppact.png","contentUrl":"https:\/\/imppact-chirurgie.fr\/wp-content\/uploads\/2024\/02\/logo_final_imppact.png","width":1000,"height":523,"caption":"Imppact Chirurgie"},"image":{"@id":"https:\/\/imppact-chirurgie.fr\/#\/schema\/logo\/image\/"}}]}},"_links":{"self":[{"href":"https:\/\/imppact-chirurgie.fr\/index.php\/wp-json\/wp\/v2\/pages\/1392","targetHints":{"allow":["GET"]}}],"collection":[{"href":"https:\/\/imppact-chirurgie.fr\/index.php\/wp-json\/wp\/v2\/pages"}],"about":[{"href":"https:\/\/imppact-chirurgie.fr\/index.php\/wp-json\/wp\/v2\/types\/page"}],"author":[{"embeddable":true,"href":"https:\/\/imppact-chirurgie.fr\/index.php\/wp-json\/wp\/v2\/users\/1"}],"replies":[{"embeddable":true,"href":"https:\/\/imppact-chirurgie.fr\/index.php\/wp-json\/wp\/v2\/comments?post=1392"}],"version-history":[{"count":5,"href":"https:\/\/imppact-chirurgie.fr\/index.php\/wp-json\/wp\/v2\/pages\/1392\/revisions"}],"predecessor-version":[{"id":1944,"href":"https:\/\/imppact-chirurgie.fr\/index.php\/wp-json\/wp\/v2\/pages\/1392\/revisions\/1944"}],"up":[{"embeddable":true,"href":"https:\/\/imppact-chirurgie.fr\/index.php\/wp-json\/wp\/v2\/pages\/889"}],"wp:attachment":[{"href":"https:\/\/imppact-chirurgie.fr\/index.php\/wp-json\/wp\/v2\/media?parent=1392"}],"curies":[{"name":"wp","href":"https:\/\/api.w.org\/{rel}","templated":true}]}}