{"id":1439,"date":"2024-09-16T12:25:00","date_gmt":"2024-09-16T10:25:00","guid":{"rendered":"https:\/\/imppact-chirurgie.fr\/?page_id=1439"},"modified":"2024-10-08T13:11:06","modified_gmt":"2024-10-08T11:11:06","slug":"brouillon-auto","status":"publish","type":"page","link":"https:\/\/imppact-chirurgie.fr\/index.php\/orthopedie\/chirurgie-du-poignet\/brouillon-auto\/","title":{"rendered":"Carpe bossu"},"content":{"rendered":"<p>[et_pb_section fb_built=\u00a0\u00bb1&Prime; admin_label=\u00a0\u00bbsection\u00a0\u00bb _builder_version=\u00a0\u00bb4.27.0&Prime; custom_padding=\u00a0\u00bb||||false|false\u00a0\u00bb global_colors_info=\u00a0\u00bb{}\u00a0\u00bb][et_pb_row admin_label=\u00a0\u00bbrow\u00a0\u00bb _builder_version=\u00a0\u00bb4.27.0&Prime; background_size=\u00a0\u00bbinitial\u00a0\u00bb background_position=\u00a0\u00bbtop_left\u00a0\u00bb background_repeat=\u00a0\u00bbrepeat\u00a0\u00bb custom_margin=\u00a0\u00bb||||false|false\u00a0\u00bb custom_padding=\u00a0\u00bb||||false|false\u00a0\u00bb hover_enabled=\u00a0\u00bb0&Prime; global_colors_info=\u00a0\u00bb{}\u00a0\u00bb sticky_enabled=\u00a0\u00bb0&Prime;][et_pb_column type=\u00a0\u00bb4_4&Prime; _builder_version=\u00a0\u00bb4.16&Prime; custom_padding=\u00a0\u00bb|||\u00a0\u00bb global_colors_info=\u00a0\u00bb{}\u00a0\u00bb custom_padding__hover=\u00a0\u00bb|||\u00a0\u00bb][et_pb_text admin_label=\u00a0\u00bbText\u00a0\u00bb _builder_version=\u00a0\u00bb4.27.0&Prime; background_size=\u00a0\u00bbinitial\u00a0\u00bb background_position=\u00a0\u00bbtop_left\u00a0\u00bb background_repeat=\u00a0\u00bbrepeat\u00a0\u00bb width=\u00a0\u00bb100%\u00a0\u00bb custom_margin=\u00a0\u00bb||-49px||false|false\u00a0\u00bb custom_padding=\u00a0\u00bb12px||14px|0px||\u00a0\u00bb global_colors_info=\u00a0\u00bb{}\u00a0\u00bb]<\/p>\n<h2 style=\"text-align: justify;\">Carpe bossu<\/h2>\n<div class=\"et_pb_with_border et_pb_module et_pb_text et_pb_text_1  et_pb_text_align_left et_pb_bg_layout_light\">\n<div class=\"et_pb_text_inner\">\n<p class=\"p1\">La chirurgie du carpe bossu, vise \u00e0 traiter une excroissance osseuse (ost\u00e9ophyte) sur le dos du poignet. Cette pathologie peut causer une douleur, g\u00eane et r\u00e9duction de la mobilit\u00e9.<\/p>\n<p class=\"p4\"><b>Indications<\/b><\/p>\n<ul class=\"ul1\">\n<li class=\"li3\"><b>Douleur persistante<\/b> : La douleur est s\u00e9v\u00e8re et persistante malgr\u00e9 des traitements conservateurs (repos, immobilisation, anti-inflammatoires, physioth\u00e9rapie).<\/li>\n<li class=\"li3\"><b>G\u00eane fonctionnelle<\/b> : Limitation des mouvements du poignet affectant les activit\u00e9s quotidiennes.<\/li>\n<li class=\"li3\"><b>Inflammation ou compression des tendons<\/b> : Pr\u00e9sence de tendinite ou t\u00e9nosynovite due \u00e0 la pression exerc\u00e9e par l&rsquo;excroissance osseuse.<\/li>\n<\/ul>\n<p class=\"p4\"><b>Types de Chirurgie<\/b><\/p>\n<p class=\"p5\"><b>Excision de l&rsquo;ost\u00e9ophyte<\/b> : Le chirurgien enl\u00e8ve l&rsquo;excroissance osseuse pour soulager la douleur et am\u00e9liorer la fonction.<\/p>\n<p class=\"p4\"><b>Proc\u00e9dure<\/b><\/p>\n<ul class=\"ul1\">\n<li class=\"li3\"><b>Anesth\u00e9sie<\/b> : Locale, r\u00e9gionale (bloc nerveux) ou g\u00e9n\u00e9rale, selon l&rsquo;\u00e9tendue de la chirurgie et les pr\u00e9f\u00e9rences du patient et du chirurgien.<\/li>\n<li class=\"li3\"><b>Incision<\/b> : Une petite incision est faite sur le dos du poignet.<\/li>\n<li class=\"li3\"><b>Retrait de l&rsquo;excroissance<\/b> : Utilisation d&rsquo;instruments chirurgicaux pour enlever l&rsquo;excroissance osseuse.<\/li>\n<li class=\"li3\"><b>Fermeture<\/b> : Suture de l&rsquo;incision et bandage du poignet.<\/li>\n<\/ul>\n<p class=\"p4\"><b>R\u00e9cup\u00e9ration<\/b><\/p>\n<ul class=\"ul1\">\n<li class=\"li3\"><b>Immobilisation<\/b> : Utilisation d&rsquo;une attelle ou d&rsquo;un pl\u00e2tre pour stabiliser le poignet pendant la gu\u00e9rison initiale.<\/li>\n<li class=\"li3\"><b>R\u00e9\u00e9ducation<\/b> : Programme de physioth\u00e9rapie pour retrouver la mobilit\u00e9, la force et la fonction du poignet.<\/li>\n<li class=\"li3\"><b>Suivi m\u00e9dical<\/b> : Consultations r\u00e9guli\u00e8res pour surveiller la gu\u00e9rison et pr\u00e9venir les complications.<\/li>\n<\/ul>\n<p class=\"p4\"><b>Risques et Complications<\/b><\/p>\n<ul class=\"ul1\">\n<li class=\"li3\"><b>Infection<\/b><\/li>\n<li class=\"li3\"><b>Saignement<\/b><\/li>\n<li class=\"li3\"><b>L\u00e9sion nerveuse<\/b><\/li>\n<li class=\"li3\"><b>Douleur persistante ou r\u00e9currente<\/b><\/li>\n<li class=\"li3\"><b>Raideur du poignet<\/b><\/li>\n<\/ul>\n<p class=\"p3\">La d\u00e9cision de proc\u00e9der \u00e0 une chirurgie doit \u00eatre prise en consultation avec un chirurgien orthop\u00e9diste sp\u00e9cialis\u00e9 dans les probl\u00e8mes du poignet, apr\u00e8s avoir \u00e9valu\u00e9 les b\u00e9n\u00e9fices potentiels et les risques pour chaque patient.<\/p>\n<p class=\"p6\">\n<\/div>\n<\/div>\n<p>[\/et_pb_text][\/et_pb_column][\/et_pb_row][\/et_pb_section][et_pb_section fb_built=\u00a0\u00bb1&Prime; _builder_version=\u00a0\u00bb4.27.0&Prime; _module_preset=\u00a0\u00bbdefault\u00a0\u00bb global_colors_info=\u00a0\u00bb{}\u00a0\u00bb][et_pb_row _builder_version=\u00a0\u00bb4.27.0&Prime; _module_preset=\u00a0\u00bbdefault\u00a0\u00bb global_colors_info=\u00a0\u00bb{}\u00a0\u00bb][et_pb_column type=\u00a0\u00bb4_4&Prime; _builder_version=\u00a0\u00bb4.27.0&Prime; _module_preset=\u00a0\u00bbdefault\u00a0\u00bb global_colors_info=\u00a0\u00bb{}\u00a0\u00bb][et_pb_gallery gallery_ids=\u00a0\u00bb1442&Prime; _builder_version=\u00a0\u00bb4.27.0&Prime; _module_preset=\u00a0\u00bbdefault\u00a0\u00bb title_level=\u00a0\u00bbh6&Prime; title_font=\u00a0\u00bb|||on|||||\u00a0\u00bb global_colors_info=\u00a0\u00bb{}\u00a0\u00bb][\/et_pb_gallery][\/et_pb_column][\/et_pb_row][\/et_pb_section]<\/p>\n","protected":false},"excerpt":{"rendered":"<p>Carpe bossu La chirurgie du carpe bossu, vise \u00e0 traiter une excroissance osseuse (ost\u00e9ophyte) sur le dos du poignet. Cette pathologie peut causer une douleur, g\u00eane et r\u00e9duction de la mobilit\u00e9. Indications Douleur persistante : La douleur est s\u00e9v\u00e8re et persistante malgr\u00e9 des traitements conservateurs (repos, immobilisation, anti-inflammatoires, physioth\u00e9rapie). G\u00eane fonctionnelle : Limitation des mouvements [&hellip;]<\/p>\n","protected":false},"author":1,"featured_media":0,"parent":1170,"menu_order":0,"comment_status":"closed","ping_status":"closed","template":"","meta":{"_et_pb_use_builder":"on","_et_pb_old_content":"","_et_gb_content_width":"","_monsterinsights_skip_tracking":false,"_monsterinsights_sitenote_active":false,"_monsterinsights_sitenote_note":"","_monsterinsights_sitenote_category":0,"footnotes":""},"class_list":["post-1439","page","type-page","status-publish","hentry"],"yoast_head":"<!-- This site is optimized with the Yoast SEO plugin v27.4 - https:\/\/yoast.com\/product\/yoast-seo-wordpress\/ -->\n<title>Carpe bossu | IMPPACT Chirurgie<\/title>\n<meta name=\"robots\" content=\"index, follow, max-snippet:-1, max-image-preview:large, max-video-preview:-1\" \/>\n<link rel=\"canonical\" href=\"https:\/\/imppact-chirurgie.fr\/index.php\/orthopedie\/chirurgie-du-poignet\/brouillon-auto\/\" \/>\n<meta property=\"og:locale\" content=\"fr_FR\" \/>\n<meta property=\"og:type\" content=\"article\" \/>\n<meta property=\"og:title\" content=\"Carpe bossu | IMPPACT Chirurgie\" \/>\n<meta property=\"og:description\" content=\"Carpe bossu La chirurgie du carpe bossu, vise \u00e0 traiter une excroissance osseuse (ost\u00e9ophyte) sur le dos du poignet. Cette pathologie peut causer une douleur, g\u00eane et r\u00e9duction de la mobilit\u00e9. Indications Douleur persistante : La douleur est s\u00e9v\u00e8re et persistante malgr\u00e9 des traitements conservateurs (repos, immobilisation, anti-inflammatoires, physioth\u00e9rapie). G\u00eane fonctionnelle : Limitation des mouvements [&hellip;]\" \/>\n<meta property=\"og:url\" content=\"https:\/\/imppact-chirurgie.fr\/index.php\/orthopedie\/chirurgie-du-poignet\/brouillon-auto\/\" \/>\n<meta property=\"og:site_name\" content=\"IMPPACT Chirurgie\" \/>\n<meta property=\"article:modified_time\" content=\"2024-10-08T11:11:06+00:00\" \/>\n<meta name=\"twitter:card\" content=\"summary_large_image\" \/>\n<meta name=\"twitter:label1\" content=\"Dur\u00e9e de lecture estim\u00e9e\" \/>\n\t<meta name=\"twitter:data1\" content=\"5 minutes\" \/>\n<script type=\"application\/ld+json\" class=\"yoast-schema-graph\">{\"@context\":\"https:\\\/\\\/schema.org\",\"@graph\":[{\"@type\":\"WebPage\",\"@id\":\"https:\\\/\\\/imppact-chirurgie.fr\\\/index.php\\\/orthopedie\\\/chirurgie-du-poignet\\\/brouillon-auto\\\/\",\"url\":\"https:\\\/\\\/imppact-chirurgie.fr\\\/index.php\\\/orthopedie\\\/chirurgie-du-poignet\\\/brouillon-auto\\\/\",\"name\":\"Carpe bossu | IMPPACT Chirurgie\",\"isPartOf\":{\"@id\":\"https:\\\/\\\/imppact-chirurgie.fr\\\/#website\"},\"datePublished\":\"2024-09-16T10:25:00+00:00\",\"dateModified\":\"2024-10-08T11:11:06+00:00\",\"breadcrumb\":{\"@id\":\"https:\\\/\\\/imppact-chirurgie.fr\\\/index.php\\\/orthopedie\\\/chirurgie-du-poignet\\\/brouillon-auto\\\/#breadcrumb\"},\"inLanguage\":\"fr-FR\",\"potentialAction\":[{\"@type\":\"ReadAction\",\"target\":[\"https:\\\/\\\/imppact-chirurgie.fr\\\/index.php\\\/orthopedie\\\/chirurgie-du-poignet\\\/brouillon-auto\\\/\"]}]},{\"@type\":\"BreadcrumbList\",\"@id\":\"https:\\\/\\\/imppact-chirurgie.fr\\\/index.php\\\/orthopedie\\\/chirurgie-du-poignet\\\/brouillon-auto\\\/#breadcrumb\",\"itemListElement\":[{\"@type\":\"ListItem\",\"position\":1,\"name\":\"Accueil\",\"item\":\"https:\\\/\\\/imppact-chirurgie.fr\\\/\"},{\"@type\":\"ListItem\",\"position\":2,\"name\":\"Orthop\u00e9die\",\"item\":\"https:\\\/\\\/imppact-chirurgie.fr\\\/index.php\\\/orthopedie\\\/\"},{\"@type\":\"ListItem\",\"position\":3,\"name\":\"Chirurgie du poignet\",\"item\":\"https:\\\/\\\/imppact-chirurgie.fr\\\/index.php\\\/orthopedie\\\/chirurgie-du-poignet\\\/\"},{\"@type\":\"ListItem\",\"position\":4,\"name\":\"Carpe bossu\"}]},{\"@type\":\"WebSite\",\"@id\":\"https:\\\/\\\/imppact-chirurgie.fr\\\/#website\",\"url\":\"https:\\\/\\\/imppact-chirurgie.fr\\\/\",\"name\":\"IMPPACT Chirurgie\",\"description\":\"IMPPACT Institut Main Pied Plastique Articulations Chirurgie Traumatologie\",\"publisher\":{\"@id\":\"https:\\\/\\\/imppact-chirurgie.fr\\\/#organization\"},\"potentialAction\":[{\"@type\":\"SearchAction\",\"target\":{\"@type\":\"EntryPoint\",\"urlTemplate\":\"https:\\\/\\\/imppact-chirurgie.fr\\\/?s={search_term_string}\"},\"query-input\":{\"@type\":\"PropertyValueSpecification\",\"valueRequired\":true,\"valueName\":\"search_term_string\"}}],\"inLanguage\":\"fr-FR\"},{\"@type\":\"Organization\",\"@id\":\"https:\\\/\\\/imppact-chirurgie.fr\\\/#organization\",\"name\":\"Imppact Chirurgie\",\"alternateName\":\"Institut Main Pied Plastique Articulations Chirurgie Traumatologie\",\"url\":\"https:\\\/\\\/imppact-chirurgie.fr\\\/\",\"logo\":{\"@type\":\"ImageObject\",\"inLanguage\":\"fr-FR\",\"@id\":\"https:\\\/\\\/imppact-chirurgie.fr\\\/#\\\/schema\\\/logo\\\/image\\\/\",\"url\":\"https:\\\/\\\/imppact-chirurgie.fr\\\/wp-content\\\/uploads\\\/2024\\\/02\\\/logo_final_imppact.png\",\"contentUrl\":\"https:\\\/\\\/imppact-chirurgie.fr\\\/wp-content\\\/uploads\\\/2024\\\/02\\\/logo_final_imppact.png\",\"width\":1000,\"height\":523,\"caption\":\"Imppact Chirurgie\"},\"image\":{\"@id\":\"https:\\\/\\\/imppact-chirurgie.fr\\\/#\\\/schema\\\/logo\\\/image\\\/\"}}]}<\/script>\n<!-- \/ Yoast SEO plugin. -->","yoast_head_json":{"title":"Carpe bossu | IMPPACT Chirurgie","robots":{"index":"index","follow":"follow","max-snippet":"max-snippet:-1","max-image-preview":"max-image-preview:large","max-video-preview":"max-video-preview:-1"},"canonical":"https:\/\/imppact-chirurgie.fr\/index.php\/orthopedie\/chirurgie-du-poignet\/brouillon-auto\/","og_locale":"fr_FR","og_type":"article","og_title":"Carpe bossu | IMPPACT Chirurgie","og_description":"Carpe bossu La chirurgie du carpe bossu, vise \u00e0 traiter une excroissance osseuse (ost\u00e9ophyte) sur le dos du poignet. Cette pathologie peut causer une douleur, g\u00eane et r\u00e9duction de la mobilit\u00e9. Indications Douleur persistante : La douleur est s\u00e9v\u00e8re et persistante malgr\u00e9 des traitements conservateurs (repos, immobilisation, anti-inflammatoires, physioth\u00e9rapie). G\u00eane fonctionnelle : Limitation des mouvements [&hellip;]","og_url":"https:\/\/imppact-chirurgie.fr\/index.php\/orthopedie\/chirurgie-du-poignet\/brouillon-auto\/","og_site_name":"IMPPACT Chirurgie","article_modified_time":"2024-10-08T11:11:06+00:00","twitter_card":"summary_large_image","twitter_misc":{"Dur\u00e9e de lecture estim\u00e9e":"5 minutes"},"schema":{"@context":"https:\/\/schema.org","@graph":[{"@type":"WebPage","@id":"https:\/\/imppact-chirurgie.fr\/index.php\/orthopedie\/chirurgie-du-poignet\/brouillon-auto\/","url":"https:\/\/imppact-chirurgie.fr\/index.php\/orthopedie\/chirurgie-du-poignet\/brouillon-auto\/","name":"Carpe bossu | IMPPACT Chirurgie","isPartOf":{"@id":"https:\/\/imppact-chirurgie.fr\/#website"},"datePublished":"2024-09-16T10:25:00+00:00","dateModified":"2024-10-08T11:11:06+00:00","breadcrumb":{"@id":"https:\/\/imppact-chirurgie.fr\/index.php\/orthopedie\/chirurgie-du-poignet\/brouillon-auto\/#breadcrumb"},"inLanguage":"fr-FR","potentialAction":[{"@type":"ReadAction","target":["https:\/\/imppact-chirurgie.fr\/index.php\/orthopedie\/chirurgie-du-poignet\/brouillon-auto\/"]}]},{"@type":"BreadcrumbList","@id":"https:\/\/imppact-chirurgie.fr\/index.php\/orthopedie\/chirurgie-du-poignet\/brouillon-auto\/#breadcrumb","itemListElement":[{"@type":"ListItem","position":1,"name":"Accueil","item":"https:\/\/imppact-chirurgie.fr\/"},{"@type":"ListItem","position":2,"name":"Orthop\u00e9die","item":"https:\/\/imppact-chirurgie.fr\/index.php\/orthopedie\/"},{"@type":"ListItem","position":3,"name":"Chirurgie du poignet","item":"https:\/\/imppact-chirurgie.fr\/index.php\/orthopedie\/chirurgie-du-poignet\/"},{"@type":"ListItem","position":4,"name":"Carpe bossu"}]},{"@type":"WebSite","@id":"https:\/\/imppact-chirurgie.fr\/#website","url":"https:\/\/imppact-chirurgie.fr\/","name":"IMPPACT Chirurgie","description":"IMPPACT Institut Main Pied Plastique Articulations Chirurgie Traumatologie","publisher":{"@id":"https:\/\/imppact-chirurgie.fr\/#organization"},"potentialAction":[{"@type":"SearchAction","target":{"@type":"EntryPoint","urlTemplate":"https:\/\/imppact-chirurgie.fr\/?s={search_term_string}"},"query-input":{"@type":"PropertyValueSpecification","valueRequired":true,"valueName":"search_term_string"}}],"inLanguage":"fr-FR"},{"@type":"Organization","@id":"https:\/\/imppact-chirurgie.fr\/#organization","name":"Imppact Chirurgie","alternateName":"Institut Main Pied Plastique Articulations Chirurgie Traumatologie","url":"https:\/\/imppact-chirurgie.fr\/","logo":{"@type":"ImageObject","inLanguage":"fr-FR","@id":"https:\/\/imppact-chirurgie.fr\/#\/schema\/logo\/image\/","url":"https:\/\/imppact-chirurgie.fr\/wp-content\/uploads\/2024\/02\/logo_final_imppact.png","contentUrl":"https:\/\/imppact-chirurgie.fr\/wp-content\/uploads\/2024\/02\/logo_final_imppact.png","width":1000,"height":523,"caption":"Imppact Chirurgie"},"image":{"@id":"https:\/\/imppact-chirurgie.fr\/#\/schema\/logo\/image\/"}}]}},"_links":{"self":[{"href":"https:\/\/imppact-chirurgie.fr\/index.php\/wp-json\/wp\/v2\/pages\/1439","targetHints":{"allow":["GET"]}}],"collection":[{"href":"https:\/\/imppact-chirurgie.fr\/index.php\/wp-json\/wp\/v2\/pages"}],"about":[{"href":"https:\/\/imppact-chirurgie.fr\/index.php\/wp-json\/wp\/v2\/types\/page"}],"author":[{"embeddable":true,"href":"https:\/\/imppact-chirurgie.fr\/index.php\/wp-json\/wp\/v2\/users\/1"}],"replies":[{"embeddable":true,"href":"https:\/\/imppact-chirurgie.fr\/index.php\/wp-json\/wp\/v2\/comments?post=1439"}],"version-history":[{"count":5,"href":"https:\/\/imppact-chirurgie.fr\/index.php\/wp-json\/wp\/v2\/pages\/1439\/revisions"}],"predecessor-version":[{"id":1887,"href":"https:\/\/imppact-chirurgie.fr\/index.php\/wp-json\/wp\/v2\/pages\/1439\/revisions\/1887"}],"up":[{"embeddable":true,"href":"https:\/\/imppact-chirurgie.fr\/index.php\/wp-json\/wp\/v2\/pages\/1170"}],"wp:attachment":[{"href":"https:\/\/imppact-chirurgie.fr\/index.php\/wp-json\/wp\/v2\/media?parent=1439"}],"curies":[{"name":"wp","href":"https:\/\/api.w.org\/{rel}","templated":true}]}}