{"id":1468,"date":"2024-09-16T13:36:20","date_gmt":"2024-09-16T11:36:20","guid":{"rendered":"https:\/\/imppact-chirurgie.fr\/?page_id=1468"},"modified":"2024-10-08T13:07:05","modified_gmt":"2024-10-08T11:07:05","slug":"lesion-du-tfcc-ou-ligament-triangulaire","status":"publish","type":"page","link":"https:\/\/imppact-chirurgie.fr\/index.php\/orthopedie\/chirurgie-du-poignet\/lesion-du-tfcc-ou-ligament-triangulaire\/","title":{"rendered":"L\u00e9sion du TFCC ou ligament triangulaire"},"content":{"rendered":"<p>[et_pb_section fb_built=\u00a0\u00bb1&Prime; admin_label=\u00a0\u00bbsection\u00a0\u00bb _builder_version=\u00a0\u00bb4.16&Prime; custom_padding=\u00a0\u00bb||0px|||\u00a0\u00bb global_colors_info=\u00a0\u00bb{}\u00a0\u00bb][et_pb_row admin_label=\u00a0\u00bbrow\u00a0\u00bb _builder_version=\u00a0\u00bb4.27.0&Prime; background_size=\u00a0\u00bbinitial\u00a0\u00bb background_position=\u00a0\u00bbtop_left\u00a0\u00bb background_repeat=\u00a0\u00bbrepeat\u00a0\u00bb custom_margin=\u00a0\u00bb||||false|false\u00a0\u00bb custom_padding=\u00a0\u00bb||||false|false\u00a0\u00bb hover_enabled=\u00a0\u00bb0&Prime; global_colors_info=\u00a0\u00bb{}\u00a0\u00bb sticky_enabled=\u00a0\u00bb0&Prime;][et_pb_column type=\u00a0\u00bb4_4&Prime; _builder_version=\u00a0\u00bb4.16&Prime; custom_padding=\u00a0\u00bb|||\u00a0\u00bb global_colors_info=\u00a0\u00bb{}\u00a0\u00bb custom_padding__hover=\u00a0\u00bb|||\u00a0\u00bb][et_pb_text admin_label=\u00a0\u00bbText\u00a0\u00bb _builder_version=\u00a0\u00bb4.27.0&Prime; background_size=\u00a0\u00bbinitial\u00a0\u00bb background_position=\u00a0\u00bbtop_left\u00a0\u00bb background_repeat=\u00a0\u00bbrepeat\u00a0\u00bb width=\u00a0\u00bb99.8%\u00a0\u00bb min_height=\u00a0\u00bb157.8px\u00a0\u00bb custom_margin=\u00a0\u00bb||-49px||false|false\u00a0\u00bb custom_padding=\u00a0\u00bb12px||14px|0px||\u00a0\u00bb global_colors_info=\u00a0\u00bb{}\u00a0\u00bb]<\/p>\n<h2 style=\"text-align: justify;\">La l\u00e9sion du TFCC ou ligament triangulaire<\/h2>\n<p class=\"p1\">Le <b>TFCC (Triangular Fibrocartilage Complex)<\/b> ou ligament triangulaire est une structure situ\u00e9e au niveau du poignet qui joue un r\u00f4le essentiel dans la stabilit\u00e9 et le bon fonctionnement de l&rsquo;articulation entre le radius et l&rsquo;ulna. Une l\u00e9sion du TFCC peut \u00eatre douloureuse et entra\u00eener une diminution de la fonction du poignet.<\/p>\n<p class=\"p2\"><b>Diagnostic de la l\u00e9sion du TFCC<\/b><\/p>\n<ul class=\"ul1\">\n<li class=\"li1\"><b>Anamn\u00e8se et examen clinique<\/b> :<\/li>\n<ul class=\"ul1\">\n<li class=\"li1\"><b>Sympt\u00f4mes<\/b> : Douleur au niveau du poignet, surtout du c\u00f4t\u00e9 ulnaire (petit doigt), qui peut \u00eatre exacerb\u00e9e par certains mouvements (par exemple, rotation ou extension du poignet). Sensation d&rsquo;instabilit\u00e9 du poignet ou bruit de cliquetis.<\/li>\n<li class=\"li1\"><b>Tests cliniques<\/b> : Plusieurs tests peuvent \u00eatre r\u00e9alis\u00e9s pour \u00e9valuer une l\u00e9sion du TFCC.<\/li>\n<\/ul>\n<li class=\"li1\"><b>Imagerie m\u00e9dicale<\/b> :<\/li>\n<ul class=\"ul1\">\n<li class=\"li1\"><b>Radiographie<\/b> : Pour \u00e9carter d&rsquo;autres causes de douleur au poignet, comme une fracture.<\/li>\n<li class=\"li1\"><b>IRM (Imagerie par R\u00e9sonance Magn\u00e9tique)<\/b> : Il peut montrer des d\u00e9chirures ou d&rsquo;autres anomalies du complexe fibrocartilagineux triangulaire.<\/li>\n<li class=\"li1\"><b>Arthroscanner<\/b> : C&rsquo;est l&rsquo;examen de choix pour visualiser les l\u00e9sions du TFCC et peut \u00eatre utilis\u00e9e pour visualiser les structures internes de l&rsquo;articulation du poignet.<\/li>\n<\/ul>\n<li class=\"li1\"><b>Arthroscopie<\/b> :<\/li>\n<ul class=\"ul1\">\n<li class=\"li1\"><b>Diagnostic et th\u00e9rapeutique<\/b> : Une arthroscopie du poignet permet une visualisation directe de la l\u00e9sion et peut parfois \u00eatre utilis\u00e9e pour traiter la l\u00e9sion en m\u00eame temps.<\/li>\n<\/ul>\n<\/ul>\n<p class=\"p2\"><b>Traitement des l\u00e9sions du TFCC<\/b><\/p>\n<ul class=\"ul1\">\n<li class=\"li1\"><b>Traitement conservateur<\/b> :<\/li>\n<ul class=\"ul1\">\n<li class=\"li1\"><b>Repos et immobilisation<\/b> : Utilisation d&rsquo;une attelle ou d&rsquo;un pl\u00e2tre pour immobiliser le poignet et permettre la gu\u00e9rison.<\/li>\n<li class=\"li1\"><b>Anti-inflammatoires non st\u00e9ro\u00efdiens (AINS)<\/b> : Pour r\u00e9duire la douleur et l&rsquo;inflammation.<\/li>\n<li class=\"li1\"><b>Injections de corticost\u00e9ro\u00efdes<\/b> : Peut \u00eatre envisag\u00e9 pour soulager la douleur et l&rsquo;inflammation.<\/li>\n<li class=\"li1\"><b>Physioth\u00e9rapie<\/b> : Exercices pour renforcer les muscles du poignet et am\u00e9liorer la mobilit\u00e9.<\/li>\n<\/ul>\n<li class=\"li1\"><b>Traitement chirurgical<\/b> :<\/li>\n<ul class=\"ul1\">\n<li class=\"li1\"><b>D\u00e9bridement arthroscopique<\/b> : Enlever les tissus endommag\u00e9s ou inflammatoires du TFCC.<\/li>\n<li class=\"li1\"><b>R\u00e9paration arthroscopique ou ouverte<\/b> : R\u00e9paration des d\u00e9chirures du TFCC. Peut n\u00e9cessiter des sutures ou des ancres pour stabiliser la structure.<\/li>\n<li class=\"li1\"><b>R\u00e9section partielle<\/b> : Enlever une partie du TFCC si elle est s\u00e9v\u00e8rement endommag\u00e9e et irr\u00e9parable.<\/li>\n<\/ul>\n<\/ul>\n<p class=\"p2\"><b>R\u00e9\u00e9ducation post-traitement<\/b><\/p>\n<p class=\"p1\">Apr\u00e8s un traitement chirurgical ou conservateur, une r\u00e9habilitation est souvent n\u00e9cessaire pour retrouver une fonction optimale du poignet :<\/p>\n<ul class=\"ul1\">\n<li class=\"li1\"><b>Physioth\u00e9rapie<\/b> :<\/li>\n<ul class=\"ul1\">\n<li class=\"li1\">Exercices pour am\u00e9liorer la mobilit\u00e9, renforcer les muscles, et augmenter la stabilit\u00e9 du poignet.<\/li>\n<li class=\"li1\">Techniques de mobilisation pour r\u00e9duire les adh\u00e9rences et am\u00e9liorer l&rsquo;amplitude de mouvement.<\/li>\n<\/ul>\n<li class=\"li1\"><b>Retour aux activit\u00e9s<\/b> :<\/li>\n<ul class=\"ul1\">\n<li class=\"li1\">Progression graduelle des activit\u00e9s quotidiennes et sportives sous la supervision d&rsquo;un th\u00e9rapeute.<\/li>\n<li class=\"li1\">\u00c9viter les activit\u00e9s \u00e0 haut risque jusqu&rsquo;\u00e0 une r\u00e9cup\u00e9ration compl\u00e8te.<\/li>\n<\/ul>\n<\/ul>\n<p class=\"p1\">Il est important de consulter un sp\u00e9cialiste en orthop\u00e9die ou un rhumatologue pour un diagnostic pr\u00e9cis et un plan de traitement adapt\u00e9.<\/p>\n<p>[\/et_pb_text][\/et_pb_column][\/et_pb_row][et_pb_row _builder_version=\u00a0\u00bb4.27.0&Prime; _module_preset=\u00a0\u00bbdefault\u00a0\u00bb global_colors_info=\u00a0\u00bb{}\u00a0\u00bb][et_pb_column type=\u00a0\u00bb4_4&Prime; _builder_version=\u00a0\u00bb4.27.0&Prime; _module_preset=\u00a0\u00bbdefault\u00a0\u00bb global_colors_info=\u00a0\u00bb{}\u00a0\u00bb][et_pb_gallery gallery_ids=\u00a0\u00bb1471,1472&Prime; _builder_version=\u00a0\u00bb4.27.0&Prime; _module_preset=\u00a0\u00bbdefault\u00a0\u00bb title_level=\u00a0\u00bbh6&Prime; title_font=\u00a0\u00bb|||on|||||\u00a0\u00bb custom_margin=\u00a0\u00bb32px|||||\u00a0\u00bb global_colors_info=\u00a0\u00bb{}\u00a0\u00bb][\/et_pb_gallery][\/et_pb_column][\/et_pb_row][et_pb_row column_structure=\u00a0\u00bb1_4,3_4&Prime; _builder_version=\u00a0\u00bb4.24.3&Prime; _module_preset=\u00a0\u00bbdefault\u00a0\u00bb custom_margin=\u00a0\u00bb|auto|38px|auto||\u00a0\u00bb border_width_all=\u00a0\u00bb12px\u00a0\u00bb border_color_all=\u00a0\u00bb#326963&Prime; global_colors_info=\u00a0\u00bb{}\u00a0\u00bb][et_pb_column type=\u00a0\u00bb1_4&Prime; _builder_version=\u00a0\u00bb4.24.3&Prime; _module_preset=\u00a0\u00bbdefault\u00a0\u00bb global_colors_info=\u00a0\u00bb{}\u00a0\u00bb][et_pb_icon font_icon=\u00a0\u00bb&#xe092;||divi||400&Prime; icon_color=\u00a0\u00bb#326963&Prime; icon_width=\u00a0\u00bb60px\u00a0\u00bb align=\u00a0\u00bbright\u00a0\u00bb _builder_version=\u00a0\u00bb4.24.3&Prime; _module_preset=\u00a0\u00bbdefault\u00a0\u00bb global_colors_info=\u00a0\u00bb{}\u00a0\u00bb][\/et_pb_icon][\/et_pb_column][et_pb_column type=\u00a0\u00bb3_4&Prime; _builder_version=\u00a0\u00bb4.24.3&Prime; _module_preset=\u00a0\u00bbdefault\u00a0\u00bb global_colors_info=\u00a0\u00bb{}\u00a0\u00bb][et_pb_text _builder_version=\u00a0\u00bb4.27.0&Prime; _module_preset=\u00a0\u00bbdefault\u00a0\u00bb custom_margin=\u00a0\u00bb-3px||||false|false\u00a0\u00bb global_colors_info=\u00a0\u00bb{}\u00a0\u00bb]<\/p>\n<p style=\"text-align: left;\"><span style=\"text-decoration: underline;\"><a href=\"https:\/\/imppact-chirurgie.fr\/wp-content\/uploads\/2024\/09\/Fiche-SFCM-liberation_du_nerf_median_final.pdf\" target=\"_blank\" rel=\"noopener\">T\u00e9l\u00e9charger la fiche informations soci\u00e9t\u00e9s savantes<\/a><a href=\"https:\/\/imppact-chirurgie.fr\/wp-content\/uploads\/2024\/09\/lesion_tfcc_centrale_final.pdf\" target=\"_blank\" rel=\"noopener\"> (l\u00e9sion TFCC centrale)<\/a><\/span><\/p>\n<p style=\"text-align: left;\"><span style=\"text-decoration: underline;\"><a href=\"https:\/\/imppact-chirurgie.fr\/wp-content\/uploads\/2024\/09\/lesion_tfcc_profonde_final.pdf\" target=\"_blank\" rel=\"noopener\">T\u00e9l\u00e9charger la fiche informations soci\u00e9t\u00e9s savantes (l\u00e9sion TFCC profonde)<\/a><\/span><\/p>\n<p>[\/et_pb_text][\/et_pb_column][\/et_pb_row][\/et_pb_section]<\/p>\n","protected":false},"excerpt":{"rendered":"<p>La l\u00e9sion du TFCC ou ligament triangulaire Le TFCC (Triangular Fibrocartilage Complex) ou ligament triangulaire est une structure situ\u00e9e au niveau du poignet qui joue un r\u00f4le essentiel dans la stabilit\u00e9 et le bon fonctionnement de l&rsquo;articulation entre le radius et l&rsquo;ulna. Une l\u00e9sion du TFCC peut \u00eatre douloureuse et entra\u00eener une diminution de la [&hellip;]<\/p>\n","protected":false},"author":1,"featured_media":0,"parent":1170,"menu_order":0,"comment_status":"closed","ping_status":"closed","template":"","meta":{"_et_pb_use_builder":"on","_et_pb_old_content":"","_et_gb_content_width":"","_monsterinsights_skip_tracking":false,"_monsterinsights_sitenote_active":false,"_monsterinsights_sitenote_note":"","_monsterinsights_sitenote_category":0,"footnotes":""},"class_list":["post-1468","page","type-page","status-publish","hentry"],"yoast_head":"<!-- This site is optimized with the Yoast SEO plugin v27.3 - https:\/\/yoast.com\/product\/yoast-seo-wordpress\/ -->\n<title>L\u00e9sion du TFCC ou ligament triangulaire | IMPPACT Chirurgie<\/title>\n<meta name=\"robots\" content=\"index, follow, max-snippet:-1, max-image-preview:large, max-video-preview:-1\" \/>\n<link rel=\"canonical\" href=\"https:\/\/imppact-chirurgie.fr\/index.php\/orthopedie\/chirurgie-du-poignet\/lesion-du-tfcc-ou-ligament-triangulaire\/\" \/>\n<meta property=\"og:locale\" content=\"fr_FR\" \/>\n<meta property=\"og:type\" content=\"article\" \/>\n<meta property=\"og:title\" content=\"L\u00e9sion du TFCC ou ligament triangulaire | IMPPACT Chirurgie\" \/>\n<meta property=\"og:description\" content=\"La l\u00e9sion du TFCC ou ligament triangulaire Le TFCC (Triangular Fibrocartilage Complex) ou ligament triangulaire est une structure situ\u00e9e au niveau du poignet qui joue un r\u00f4le essentiel dans la stabilit\u00e9 et le bon fonctionnement de l&#039;articulation entre le radius et l&#039;ulna. Une l\u00e9sion du TFCC peut \u00eatre douloureuse et entra\u00eener une diminution de la [&hellip;]\" \/>\n<meta property=\"og:url\" content=\"https:\/\/imppact-chirurgie.fr\/index.php\/orthopedie\/chirurgie-du-poignet\/lesion-du-tfcc-ou-ligament-triangulaire\/\" \/>\n<meta property=\"og:site_name\" content=\"IMPPACT Chirurgie\" \/>\n<meta property=\"article:modified_time\" content=\"2024-10-08T11:07:05+00:00\" \/>\n<meta name=\"twitter:card\" content=\"summary_large_image\" \/>\n<script type=\"application\/ld+json\" class=\"yoast-schema-graph\">{\"@context\":\"https:\\\/\\\/schema.org\",\"@graph\":[{\"@type\":\"WebPage\",\"@id\":\"https:\\\/\\\/imppact-chirurgie.fr\\\/index.php\\\/orthopedie\\\/chirurgie-du-poignet\\\/lesion-du-tfcc-ou-ligament-triangulaire\\\/\",\"url\":\"https:\\\/\\\/imppact-chirurgie.fr\\\/index.php\\\/orthopedie\\\/chirurgie-du-poignet\\\/lesion-du-tfcc-ou-ligament-triangulaire\\\/\",\"name\":\"L\u00e9sion du TFCC ou ligament triangulaire | IMPPACT Chirurgie\",\"isPartOf\":{\"@id\":\"https:\\\/\\\/imppact-chirurgie.fr\\\/#website\"},\"datePublished\":\"2024-09-16T11:36:20+00:00\",\"dateModified\":\"2024-10-08T11:07:05+00:00\",\"breadcrumb\":{\"@id\":\"https:\\\/\\\/imppact-chirurgie.fr\\\/index.php\\\/orthopedie\\\/chirurgie-du-poignet\\\/lesion-du-tfcc-ou-ligament-triangulaire\\\/#breadcrumb\"},\"inLanguage\":\"fr-FR\",\"potentialAction\":[{\"@type\":\"ReadAction\",\"target\":[\"https:\\\/\\\/imppact-chirurgie.fr\\\/index.php\\\/orthopedie\\\/chirurgie-du-poignet\\\/lesion-du-tfcc-ou-ligament-triangulaire\\\/\"]}]},{\"@type\":\"BreadcrumbList\",\"@id\":\"https:\\\/\\\/imppact-chirurgie.fr\\\/index.php\\\/orthopedie\\\/chirurgie-du-poignet\\\/lesion-du-tfcc-ou-ligament-triangulaire\\\/#breadcrumb\",\"itemListElement\":[{\"@type\":\"ListItem\",\"position\":1,\"name\":\"Accueil\",\"item\":\"https:\\\/\\\/imppact-chirurgie.fr\\\/\"},{\"@type\":\"ListItem\",\"position\":2,\"name\":\"Orthop\u00e9die\",\"item\":\"https:\\\/\\\/imppact-chirurgie.fr\\\/index.php\\\/orthopedie\\\/\"},{\"@type\":\"ListItem\",\"position\":3,\"name\":\"Chirurgie du poignet\",\"item\":\"https:\\\/\\\/imppact-chirurgie.fr\\\/index.php\\\/orthopedie\\\/chirurgie-du-poignet\\\/\"},{\"@type\":\"ListItem\",\"position\":4,\"name\":\"L\u00e9sion du TFCC ou ligament triangulaire\"}]},{\"@type\":\"WebSite\",\"@id\":\"https:\\\/\\\/imppact-chirurgie.fr\\\/#website\",\"url\":\"https:\\\/\\\/imppact-chirurgie.fr\\\/\",\"name\":\"IMPPACT Chirurgie\",\"description\":\"IMPPACT Institut Main Pied Plastique Articulations Chirurgie Traumatologie\",\"publisher\":{\"@id\":\"https:\\\/\\\/imppact-chirurgie.fr\\\/#organization\"},\"potentialAction\":[{\"@type\":\"SearchAction\",\"target\":{\"@type\":\"EntryPoint\",\"urlTemplate\":\"https:\\\/\\\/imppact-chirurgie.fr\\\/?s={search_term_string}\"},\"query-input\":{\"@type\":\"PropertyValueSpecification\",\"valueRequired\":true,\"valueName\":\"search_term_string\"}}],\"inLanguage\":\"fr-FR\"},{\"@type\":\"Organization\",\"@id\":\"https:\\\/\\\/imppact-chirurgie.fr\\\/#organization\",\"name\":\"Imppact Chirurgie\",\"alternateName\":\"Institut Main Pied Plastique Articulations Chirurgie Traumatologie\",\"url\":\"https:\\\/\\\/imppact-chirurgie.fr\\\/\",\"logo\":{\"@type\":\"ImageObject\",\"inLanguage\":\"fr-FR\",\"@id\":\"https:\\\/\\\/imppact-chirurgie.fr\\\/#\\\/schema\\\/logo\\\/image\\\/\",\"url\":\"https:\\\/\\\/imppact-chirurgie.fr\\\/wp-content\\\/uploads\\\/2024\\\/02\\\/logo_final_imppact.png\",\"contentUrl\":\"https:\\\/\\\/imppact-chirurgie.fr\\\/wp-content\\\/uploads\\\/2024\\\/02\\\/logo_final_imppact.png\",\"width\":1000,\"height\":523,\"caption\":\"Imppact Chirurgie\"},\"image\":{\"@id\":\"https:\\\/\\\/imppact-chirurgie.fr\\\/#\\\/schema\\\/logo\\\/image\\\/\"}}]}<\/script>\n<!-- \/ Yoast SEO plugin. -->","yoast_head_json":{"title":"L\u00e9sion du TFCC ou ligament triangulaire | IMPPACT Chirurgie","robots":{"index":"index","follow":"follow","max-snippet":"max-snippet:-1","max-image-preview":"max-image-preview:large","max-video-preview":"max-video-preview:-1"},"canonical":"https:\/\/imppact-chirurgie.fr\/index.php\/orthopedie\/chirurgie-du-poignet\/lesion-du-tfcc-ou-ligament-triangulaire\/","og_locale":"fr_FR","og_type":"article","og_title":"L\u00e9sion du TFCC ou ligament triangulaire | IMPPACT Chirurgie","og_description":"La l\u00e9sion du TFCC ou ligament triangulaire Le TFCC (Triangular Fibrocartilage Complex) ou ligament triangulaire est une structure situ\u00e9e au niveau du poignet qui joue un r\u00f4le essentiel dans la stabilit\u00e9 et le bon fonctionnement de l'articulation entre le radius et l'ulna. Une l\u00e9sion du TFCC peut \u00eatre douloureuse et entra\u00eener une diminution de la [&hellip;]","og_url":"https:\/\/imppact-chirurgie.fr\/index.php\/orthopedie\/chirurgie-du-poignet\/lesion-du-tfcc-ou-ligament-triangulaire\/","og_site_name":"IMPPACT Chirurgie","article_modified_time":"2024-10-08T11:07:05+00:00","twitter_card":"summary_large_image","schema":{"@context":"https:\/\/schema.org","@graph":[{"@type":"WebPage","@id":"https:\/\/imppact-chirurgie.fr\/index.php\/orthopedie\/chirurgie-du-poignet\/lesion-du-tfcc-ou-ligament-triangulaire\/","url":"https:\/\/imppact-chirurgie.fr\/index.php\/orthopedie\/chirurgie-du-poignet\/lesion-du-tfcc-ou-ligament-triangulaire\/","name":"L\u00e9sion du TFCC ou ligament triangulaire | IMPPACT Chirurgie","isPartOf":{"@id":"https:\/\/imppact-chirurgie.fr\/#website"},"datePublished":"2024-09-16T11:36:20+00:00","dateModified":"2024-10-08T11:07:05+00:00","breadcrumb":{"@id":"https:\/\/imppact-chirurgie.fr\/index.php\/orthopedie\/chirurgie-du-poignet\/lesion-du-tfcc-ou-ligament-triangulaire\/#breadcrumb"},"inLanguage":"fr-FR","potentialAction":[{"@type":"ReadAction","target":["https:\/\/imppact-chirurgie.fr\/index.php\/orthopedie\/chirurgie-du-poignet\/lesion-du-tfcc-ou-ligament-triangulaire\/"]}]},{"@type":"BreadcrumbList","@id":"https:\/\/imppact-chirurgie.fr\/index.php\/orthopedie\/chirurgie-du-poignet\/lesion-du-tfcc-ou-ligament-triangulaire\/#breadcrumb","itemListElement":[{"@type":"ListItem","position":1,"name":"Accueil","item":"https:\/\/imppact-chirurgie.fr\/"},{"@type":"ListItem","position":2,"name":"Orthop\u00e9die","item":"https:\/\/imppact-chirurgie.fr\/index.php\/orthopedie\/"},{"@type":"ListItem","position":3,"name":"Chirurgie du poignet","item":"https:\/\/imppact-chirurgie.fr\/index.php\/orthopedie\/chirurgie-du-poignet\/"},{"@type":"ListItem","position":4,"name":"L\u00e9sion du TFCC ou ligament triangulaire"}]},{"@type":"WebSite","@id":"https:\/\/imppact-chirurgie.fr\/#website","url":"https:\/\/imppact-chirurgie.fr\/","name":"IMPPACT Chirurgie","description":"IMPPACT Institut Main Pied Plastique Articulations Chirurgie Traumatologie","publisher":{"@id":"https:\/\/imppact-chirurgie.fr\/#organization"},"potentialAction":[{"@type":"SearchAction","target":{"@type":"EntryPoint","urlTemplate":"https:\/\/imppact-chirurgie.fr\/?s={search_term_string}"},"query-input":{"@type":"PropertyValueSpecification","valueRequired":true,"valueName":"search_term_string"}}],"inLanguage":"fr-FR"},{"@type":"Organization","@id":"https:\/\/imppact-chirurgie.fr\/#organization","name":"Imppact Chirurgie","alternateName":"Institut Main Pied Plastique Articulations Chirurgie Traumatologie","url":"https:\/\/imppact-chirurgie.fr\/","logo":{"@type":"ImageObject","inLanguage":"fr-FR","@id":"https:\/\/imppact-chirurgie.fr\/#\/schema\/logo\/image\/","url":"https:\/\/imppact-chirurgie.fr\/wp-content\/uploads\/2024\/02\/logo_final_imppact.png","contentUrl":"https:\/\/imppact-chirurgie.fr\/wp-content\/uploads\/2024\/02\/logo_final_imppact.png","width":1000,"height":523,"caption":"Imppact Chirurgie"},"image":{"@id":"https:\/\/imppact-chirurgie.fr\/#\/schema\/logo\/image\/"}}]}},"_links":{"self":[{"href":"https:\/\/imppact-chirurgie.fr\/index.php\/wp-json\/wp\/v2\/pages\/1468","targetHints":{"allow":["GET"]}}],"collection":[{"href":"https:\/\/imppact-chirurgie.fr\/index.php\/wp-json\/wp\/v2\/pages"}],"about":[{"href":"https:\/\/imppact-chirurgie.fr\/index.php\/wp-json\/wp\/v2\/types\/page"}],"author":[{"embeddable":true,"href":"https:\/\/imppact-chirurgie.fr\/index.php\/wp-json\/wp\/v2\/users\/1"}],"replies":[{"embeddable":true,"href":"https:\/\/imppact-chirurgie.fr\/index.php\/wp-json\/wp\/v2\/comments?post=1468"}],"version-history":[{"count":4,"href":"https:\/\/imppact-chirurgie.fr\/index.php\/wp-json\/wp\/v2\/pages\/1468\/revisions"}],"predecessor-version":[{"id":1882,"href":"https:\/\/imppact-chirurgie.fr\/index.php\/wp-json\/wp\/v2\/pages\/1468\/revisions\/1882"}],"up":[{"embeddable":true,"href":"https:\/\/imppact-chirurgie.fr\/index.php\/wp-json\/wp\/v2\/pages\/1170"}],"wp:attachment":[{"href":"https:\/\/imppact-chirurgie.fr\/index.php\/wp-json\/wp\/v2\/media?parent=1468"}],"curies":[{"name":"wp","href":"https:\/\/api.w.org\/{rel}","templated":true}]}}