{"id":1637,"date":"2024-09-30T12:16:43","date_gmt":"2024-09-30T10:16:43","guid":{"rendered":"https:\/\/imppact-chirurgie.fr\/?page_id=1637"},"modified":"2024-10-22T22:22:05","modified_gmt":"2024-10-22T20:22:05","slug":"transposition-tuberosite-tibiale","status":"publish","type":"page","link":"https:\/\/imppact-chirurgie.fr\/index.php\/orthopedie\/chirurgie-du-genou\/transposition-tuberosite-tibiale\/","title":{"rendered":"Transposition tub\u00e9rosit\u00e9 tibiale"},"content":{"rendered":"<p>[et_pb_section fb_built=\u00a0\u00bb1&Prime; admin_label=\u00a0\u00bbsection\u00a0\u00bb _builder_version=\u00a0\u00bb4.16&Prime; global_colors_info=\u00a0\u00bb{}\u00a0\u00bb][et_pb_row admin_label=\u00a0\u00bbrow\u00a0\u00bb _builder_version=\u00a0\u00bb4.27.2&Prime; background_size=\u00a0\u00bbinitial\u00a0\u00bb background_position=\u00a0\u00bbtop_left\u00a0\u00bb background_repeat=\u00a0\u00bbrepeat\u00a0\u00bb custom_margin=\u00a0\u00bb||||false|false\u00a0\u00bb custom_padding=\u00a0\u00bb||||false|false\u00a0\u00bb hover_enabled=\u00a0\u00bb0&Prime; global_colors_info=\u00a0\u00bb{}\u00a0\u00bb sticky_enabled=\u00a0\u00bb0&Prime;][et_pb_column type=\u00a0\u00bb4_4&Prime; _builder_version=\u00a0\u00bb4.16&Prime; custom_padding=\u00a0\u00bb|||\u00a0\u00bb global_colors_info=\u00a0\u00bb{}\u00a0\u00bb custom_padding__hover=\u00a0\u00bb|||\u00a0\u00bb][et_pb_text admin_label=\u00a0\u00bbText\u00a0\u00bb _builder_version=\u00a0\u00bb4.27.0&Prime; background_size=\u00a0\u00bbinitial\u00a0\u00bb background_position=\u00a0\u00bbtop_left\u00a0\u00bb background_repeat=\u00a0\u00bbrepeat\u00a0\u00bb width=\u00a0\u00bb99.8%\u00a0\u00bb custom_margin=\u00a0\u00bb||||false|false\u00a0\u00bb custom_padding=\u00a0\u00bb|||0px||\u00a0\u00bb global_colors_info=\u00a0\u00bb{}\u00a0\u00bb]<\/p>\n<h1><span style=\"font-size: 26px;\">La transposition de la tub\u00e9rosit\u00e9 tibiale ant\u00e9rieure<\/span><\/h1>\n<div data-mesh-id=\"comp-jjy3ebjpinlineContent\" data-testid=\"inline-content\" class=\"\">\n<div data-mesh-id=\"comp-jjy3ebjpinlineContent-gridContainer\" data-testid=\"mesh-container-content\">\n<div id=\"comp-jjy3ebjx\" class=\"HcOXKn SxM0TO QxJLC3 lq2cno comp-jjy3ebjx wixui-rich-text\" data-testid=\"richTextElement\">\n<p class=\"font_8 wixui-rich-text__text\"><span class=\"wixui-rich-text__text\"><span class=\"wixGuard wixui-rich-text__text\">\u200b<\/span><\/span>L\u2019intervention consiste \u00e0 recentrer la rotule dans la gorge trochl\u00e9enne afin de lui redonner un jeu harmonieux.<\/p>\n<p class=\"font_8 wixui-rich-text__text\"><span class=\"wixui-rich-text__text\">Une section de l\u2019aileron rotulien est d\u2019abord r\u00e9alis\u00e9e sous arthroscopie, c\u2019est \u00e0 dire sans ouvrir l\u2019articulation. Deux petites incisions de 5 mm chacune sont r\u00e9alis\u00e9es en avant du genou. Une petite cam\u00e9ra est introduite par l\u2019une d\u2019entre elles pour visualiser l\u2019articulation. Des petits instruments sont introduits par l\u2019autre incision pour sectionner l\u2019aileron rotulien externe.<br class=\"wixui-rich-text__text\" \/>Par la suite, une incision d\u2019environ 5 cm est r\u00e9alis\u00e9e \u00e0 la partie sup\u00e9rieure du tibia. La tub\u00e9rosit\u00e9 tibiale ant\u00e9rieure est expos\u00e9e puis sectionn\u00e9e . Elle est ensuite translat\u00e9e et repositionn\u00e9e au milieu du tibia puis fix\u00e9e par deux vis.<br class=\"wixui-rich-text__text\" \/>Ces deux gestes permettent de bien repositionner la rotule au milieu de la trochl\u00e9e et de la stabiliser.<br class=\"wixui-rich-text__text\" \/>Elle dure en moyenne une heure et n\u00e9cessite une hospitalisation d\u2019environ 2 jours. Apr\u00e8s l\u2019op\u00e9ration, un pansement st\u00e9rile et une attelle sont mis en place.<br class=\"wixui-rich-text__text\" \/>Le traitement de la douleur sera mis en place, surveill\u00e9 et adapt\u00e9 de mani\u00e8re tr\u00e8s rapproch\u00e9e dans la p\u00e9riode post-op\u00e9ratoire.<\/span><\/p>\n<p class=\"font_8 wixui-rich-text__text\"><span class=\"wixui-rich-text__text\"><span class=\"wixGuard wixui-rich-text__text\">\u200b<\/span><\/span><\/p>\n<p class=\"font_0 wixui-rich-text__text\"><strong><span class=\"wixui-rich-text__text\">LA\u00a0<\/span><span class=\"wixui-rich-text__text\">R\u00c9<\/span><span class=\"wixui-rich-text__text\">&#8211;<\/span><span class=\"wixui-rich-text__text\">\u00c9DUCATION<\/span><span class=\"wixui-rich-text__text\">\u00a0POST-<\/span><span class=\"wixui-rich-text__text\">OP\u00c9RATOIRE<\/span><span class=\"wixui-rich-text__text\">\u00a0ET LA REPRISE DES\u00a0<\/span><span class=\"wixui-rich-text__text\">ACTIVIT\u00c9S<\/span><\/strong><\/p>\n<h1 class=\"font_0 wixui-rich-text__text\"><\/h1>\n<p class=\"font_8 wixui-rich-text__text\"><span class=\"wixui-rich-text__text\">Le lendemain de l\u2019intervention, le kin\u00e9sith\u00e9rapeute vous l\u00e8ve et vous aide \u00e0 marcher. Le genou est immobilis\u00e9 dans une attelle et la marche s\u2019effectue entre deux cannes pendant 6 semaines. A la sortie de la clinique, la r\u00e9\u00e9ducation est r\u00e9alis\u00e9e chez votre kin\u00e9sith\u00e9rapeute.<br class=\"wixui-rich-text__text\" \/>La reprise du volant ainsi que celle du travail est envisageable au 2\u00e8me mois et cela en fonction de votre profession, une activit\u00e9 de bureau pouvant \u00eatre plus pr\u00e9coce. Les activit\u00e9s sportives d\u00e9butent g\u00e9n\u00e9ralement apr\u00e8s le 6 \u00e8me mois.<\/span><\/p>\n<h1 class=\"font_0 wixui-rich-text__text\"><span class=\"wixui-rich-text__text\"><span class=\"wixGuard wixui-rich-text__text\">\u200b<\/span><\/span><\/h1>\n<p class=\"font_8 wixui-rich-text__text\"><strong><span class=\"wixui-rich-text__text\">LES RISQUES ET COMPLICATIONS<\/span><\/strong><\/p>\n<p class=\"font_8 wixui-rich-text__text\"><span class=\"wixui-rich-text__text\">En plus des risques communs \u00e0 toute intervention chirurgicale et des risques li\u00e9s \u00e0 l\u2019anesth\u00e9sie, notons quelques risques plus sp\u00e9cifiques \u00e0 cette chirurgie :<br class=\"wixui-rich-text__text\" \/>Une raideur articulaire peut se d\u00e9velopper si la r\u00e9\u00e9ducation post-op\u00e9ratoire n\u2019est pas bien prise en charge.<br class=\"wixui-rich-text__text\" \/>Des r\u00e9actions inflammatoires exacerb\u00e9es correspondent parfois \u00e0 une algodystrophie. Cependant, de nouveaux traitements existent et permettent de g\u00e9rer plus facilement cette complication rare.<br class=\"wixui-rich-text__text\" \/>Il est possible que la zone op\u00e9r\u00e9e saigne et qu\u2019il se forme un h\u00e9matome. En fonction de son importance, une \u00e9vacuation peut \u00eatre n\u00e9cessaire.<br class=\"wixui-rich-text__text\" \/>La survenue d\u2019une infection de l\u2019articulation reste exceptionnelle. Cette complication connue n\u00e9cessite un lavage du genou et la mise sous antibiotiques plus ou moins longue avec \u00e9ventuellement une reprise chirurgicale.<br class=\"wixui-rich-text__text\" \/>Des petits caillots de sang solidifi\u00e9 peuvent se former et se coincer dans les veines des jambes occasionnant une phl\u00e9bite et n\u00e9cessitant un traitement anti-coagulant pendant plusieurs semaines.<br class=\"wixui-rich-text__text\" \/>Les nerfs et art\u00e8res qui entourent le genou peuvent \u00eatre accidentellement bless\u00e9s. Cette complication exceptionnelle peut occasionner une douleur, une perte de la sensibilit\u00e9 voire une paralysie de certaines parties de la jambe. En cas de l\u00e9sion art\u00e9rielle, une chirurgie vasculaire peut \u00eatre n\u00e9cessaire.<br class=\"wixui-rich-text__text\" \/>Une fracture ou une mauvaise consolidation de la tub\u00e9rosit\u00e9 tibiale ant\u00e9rieure peuvent survenir n\u00e9cessitant un traitement sp\u00e9cifique.<br class=\"wixui-rich-text__text\" \/>Les risques \u00e9num\u00e9r\u00e9s ne constituent pas une liste exhaustive. Votre chirurgien donnera toute explication compl\u00e9mentaire et se tiendra \u00e0 votre disposition pour \u00e9voquer avec vous chaque cas particulier avec les avantages, les inconv\u00e9nients et les risques de l\u2019intervention.<\/span><\/p>\n<p class=\"font_8 wixui-rich-text__text\"><strong><span class=\"wixui-rich-text__text\">LES\u00a0<\/span><span class=\"wixui-rich-text__text\">R\u00c9SULTATS<\/span><\/strong><\/p>\n<p class=\"font_8 wixui-rich-text__text\"><span class=\"wixui-rich-text__text\"><span class=\"wixGuard wixui-rich-text__text\">\u200b<\/span><\/span><span style=\"font-size: 14px;\">L\u2019am\u00e9lioration des douleurs et des ph\u00e9nom\u00e8nes d\u2019instabilit\u00e9 est rapide apr\u00e8s l\u2019intervention. La r\u00e9cup\u00e9ration compl\u00e8te de la mobilit\u00e9 et de la force musculaire survient en g\u00e9n\u00e9ral entre le 2\u00e8me et le 3\u00e8me mois.<\/span><\/p>\n<p class=\"font_8 wixui-rich-text__text\"><span class=\"wixui-rich-text__text\">Le r\u00e9sultat sur la douleur d\u00e9pend de l\u2019existence et de l\u2019importance des l\u00e9sions cartilagineuses sous-jacentes. Un traitement m\u00e9dical compl\u00e9mentaire peut alors s\u2019av\u00e9rer n\u00e9cessaire.<br class=\"wixui-rich-text__text\" \/>Une r\u00e9cidive de l\u2019instabilit\u00e9 peut survenir lors de certaines activit\u00e9s, pouvant n\u00e9cessiter un geste compl\u00e9mentaire.<br class=\"wixui-rich-text__text\" \/>Les r\u00e9sultats sont cependant encourageants, puisqu\u2019on obtient une am\u00e9lioration des douleurs et de la fonction du genou dans plus de 80 % des cas et une stabilisation de la rotule dans plus de 90% des cas.<\/span><\/p>\n<\/div>\n<\/div>\n<\/div>\n<p>[\/et_pb_text][\/et_pb_column][\/et_pb_row][\/et_pb_section]<\/p>\n","protected":false},"excerpt":{"rendered":"<p>La transposition de la tub\u00e9rosit\u00e9 tibiale ant\u00e9rieure \u200bL\u2019intervention consiste \u00e0 recentrer la rotule dans la gorge trochl\u00e9enne afin de lui redonner un jeu harmonieux. Une section de l\u2019aileron rotulien est d\u2019abord r\u00e9alis\u00e9e sous arthroscopie, c\u2019est \u00e0 dire sans ouvrir l\u2019articulation. Deux petites incisions de 5 mm chacune sont r\u00e9alis\u00e9es en avant du genou. Une petite [&hellip;]<\/p>\n","protected":false},"author":1,"featured_media":0,"parent":1623,"menu_order":0,"comment_status":"closed","ping_status":"closed","template":"","meta":{"_et_pb_use_builder":"on","_et_pb_old_content":"","_et_gb_content_width":"","_monsterinsights_skip_tracking":false,"_monsterinsights_sitenote_active":false,"_monsterinsights_sitenote_note":"","_monsterinsights_sitenote_category":0,"footnotes":""},"class_list":["post-1637","page","type-page","status-publish","hentry"],"yoast_head":"<!-- This site is optimized with the Yoast SEO plugin v27.4 - https:\/\/yoast.com\/product\/yoast-seo-wordpress\/ -->\n<title>Transposition tub\u00e9rosit\u00e9 tibiale | IMPPACT Chirurgie<\/title>\n<meta name=\"robots\" content=\"index, follow, max-snippet:-1, max-image-preview:large, max-video-preview:-1\" \/>\n<link rel=\"canonical\" href=\"https:\/\/imppact-chirurgie.fr\/index.php\/orthopedie\/chirurgie-du-genou\/transposition-tuberosite-tibiale\/\" \/>\n<meta property=\"og:locale\" content=\"fr_FR\" \/>\n<meta property=\"og:type\" content=\"article\" \/>\n<meta property=\"og:title\" content=\"Transposition tub\u00e9rosit\u00e9 tibiale | IMPPACT Chirurgie\" \/>\n<meta property=\"og:description\" content=\"La transposition de la tub\u00e9rosit\u00e9 tibiale ant\u00e9rieure \u200bL\u2019intervention consiste \u00e0 recentrer la rotule dans la gorge trochl\u00e9enne afin de lui redonner un jeu harmonieux. Une section de l\u2019aileron rotulien est d\u2019abord r\u00e9alis\u00e9e sous arthroscopie, c\u2019est \u00e0 dire sans ouvrir l\u2019articulation. Deux petites incisions de 5 mm chacune sont r\u00e9alis\u00e9es en avant du genou. Une petite [&hellip;]\" \/>\n<meta property=\"og:url\" content=\"https:\/\/imppact-chirurgie.fr\/index.php\/orthopedie\/chirurgie-du-genou\/transposition-tuberosite-tibiale\/\" \/>\n<meta property=\"og:site_name\" content=\"IMPPACT Chirurgie\" \/>\n<meta property=\"article:modified_time\" content=\"2024-10-22T20:22:05+00:00\" \/>\n<meta name=\"twitter:card\" content=\"summary_large_image\" \/>\n<meta name=\"twitter:label1\" content=\"Dur\u00e9e de lecture estim\u00e9e\" \/>\n\t<meta name=\"twitter:data1\" content=\"4 minutes\" \/>\n<script type=\"application\/ld+json\" class=\"yoast-schema-graph\">{\"@context\":\"https:\\\/\\\/schema.org\",\"@graph\":[{\"@type\":\"WebPage\",\"@id\":\"https:\\\/\\\/imppact-chirurgie.fr\\\/index.php\\\/orthopedie\\\/chirurgie-du-genou\\\/transposition-tuberosite-tibiale\\\/\",\"url\":\"https:\\\/\\\/imppact-chirurgie.fr\\\/index.php\\\/orthopedie\\\/chirurgie-du-genou\\\/transposition-tuberosite-tibiale\\\/\",\"name\":\"Transposition tub\u00e9rosit\u00e9 tibiale | IMPPACT Chirurgie\",\"isPartOf\":{\"@id\":\"https:\\\/\\\/imppact-chirurgie.fr\\\/#website\"},\"datePublished\":\"2024-09-30T10:16:43+00:00\",\"dateModified\":\"2024-10-22T20:22:05+00:00\",\"breadcrumb\":{\"@id\":\"https:\\\/\\\/imppact-chirurgie.fr\\\/index.php\\\/orthopedie\\\/chirurgie-du-genou\\\/transposition-tuberosite-tibiale\\\/#breadcrumb\"},\"inLanguage\":\"fr-FR\",\"potentialAction\":[{\"@type\":\"ReadAction\",\"target\":[\"https:\\\/\\\/imppact-chirurgie.fr\\\/index.php\\\/orthopedie\\\/chirurgie-du-genou\\\/transposition-tuberosite-tibiale\\\/\"]}]},{\"@type\":\"BreadcrumbList\",\"@id\":\"https:\\\/\\\/imppact-chirurgie.fr\\\/index.php\\\/orthopedie\\\/chirurgie-du-genou\\\/transposition-tuberosite-tibiale\\\/#breadcrumb\",\"itemListElement\":[{\"@type\":\"ListItem\",\"position\":1,\"name\":\"Accueil\",\"item\":\"https:\\\/\\\/imppact-chirurgie.fr\\\/\"},{\"@type\":\"ListItem\",\"position\":2,\"name\":\"Orthop\u00e9die\",\"item\":\"https:\\\/\\\/imppact-chirurgie.fr\\\/index.php\\\/orthopedie\\\/\"},{\"@type\":\"ListItem\",\"position\":3,\"name\":\"Chirurgie du genou\",\"item\":\"https:\\\/\\\/imppact-chirurgie.fr\\\/index.php\\\/orthopedie\\\/chirurgie-du-genou\\\/\"},{\"@type\":\"ListItem\",\"position\":4,\"name\":\"Transposition tub\u00e9rosit\u00e9 tibiale\"}]},{\"@type\":\"WebSite\",\"@id\":\"https:\\\/\\\/imppact-chirurgie.fr\\\/#website\",\"url\":\"https:\\\/\\\/imppact-chirurgie.fr\\\/\",\"name\":\"IMPPACT Chirurgie\",\"description\":\"IMPPACT Institut Main Pied Plastique Articulations Chirurgie Traumatologie\",\"publisher\":{\"@id\":\"https:\\\/\\\/imppact-chirurgie.fr\\\/#organization\"},\"potentialAction\":[{\"@type\":\"SearchAction\",\"target\":{\"@type\":\"EntryPoint\",\"urlTemplate\":\"https:\\\/\\\/imppact-chirurgie.fr\\\/?s={search_term_string}\"},\"query-input\":{\"@type\":\"PropertyValueSpecification\",\"valueRequired\":true,\"valueName\":\"search_term_string\"}}],\"inLanguage\":\"fr-FR\"},{\"@type\":\"Organization\",\"@id\":\"https:\\\/\\\/imppact-chirurgie.fr\\\/#organization\",\"name\":\"Imppact Chirurgie\",\"alternateName\":\"Institut Main Pied Plastique Articulations Chirurgie Traumatologie\",\"url\":\"https:\\\/\\\/imppact-chirurgie.fr\\\/\",\"logo\":{\"@type\":\"ImageObject\",\"inLanguage\":\"fr-FR\",\"@id\":\"https:\\\/\\\/imppact-chirurgie.fr\\\/#\\\/schema\\\/logo\\\/image\\\/\",\"url\":\"https:\\\/\\\/imppact-chirurgie.fr\\\/wp-content\\\/uploads\\\/2024\\\/02\\\/logo_final_imppact.png\",\"contentUrl\":\"https:\\\/\\\/imppact-chirurgie.fr\\\/wp-content\\\/uploads\\\/2024\\\/02\\\/logo_final_imppact.png\",\"width\":1000,\"height\":523,\"caption\":\"Imppact Chirurgie\"},\"image\":{\"@id\":\"https:\\\/\\\/imppact-chirurgie.fr\\\/#\\\/schema\\\/logo\\\/image\\\/\"}}]}<\/script>\n<!-- \/ Yoast SEO plugin. -->","yoast_head_json":{"title":"Transposition tub\u00e9rosit\u00e9 tibiale | IMPPACT Chirurgie","robots":{"index":"index","follow":"follow","max-snippet":"max-snippet:-1","max-image-preview":"max-image-preview:large","max-video-preview":"max-video-preview:-1"},"canonical":"https:\/\/imppact-chirurgie.fr\/index.php\/orthopedie\/chirurgie-du-genou\/transposition-tuberosite-tibiale\/","og_locale":"fr_FR","og_type":"article","og_title":"Transposition tub\u00e9rosit\u00e9 tibiale | IMPPACT Chirurgie","og_description":"La transposition de la tub\u00e9rosit\u00e9 tibiale ant\u00e9rieure \u200bL\u2019intervention consiste \u00e0 recentrer la rotule dans la gorge trochl\u00e9enne afin de lui redonner un jeu harmonieux. Une section de l\u2019aileron rotulien est d\u2019abord r\u00e9alis\u00e9e sous arthroscopie, c\u2019est \u00e0 dire sans ouvrir l\u2019articulation. Deux petites incisions de 5 mm chacune sont r\u00e9alis\u00e9es en avant du genou. Une petite [&hellip;]","og_url":"https:\/\/imppact-chirurgie.fr\/index.php\/orthopedie\/chirurgie-du-genou\/transposition-tuberosite-tibiale\/","og_site_name":"IMPPACT Chirurgie","article_modified_time":"2024-10-22T20:22:05+00:00","twitter_card":"summary_large_image","twitter_misc":{"Dur\u00e9e de lecture estim\u00e9e":"4 minutes"},"schema":{"@context":"https:\/\/schema.org","@graph":[{"@type":"WebPage","@id":"https:\/\/imppact-chirurgie.fr\/index.php\/orthopedie\/chirurgie-du-genou\/transposition-tuberosite-tibiale\/","url":"https:\/\/imppact-chirurgie.fr\/index.php\/orthopedie\/chirurgie-du-genou\/transposition-tuberosite-tibiale\/","name":"Transposition tub\u00e9rosit\u00e9 tibiale | IMPPACT Chirurgie","isPartOf":{"@id":"https:\/\/imppact-chirurgie.fr\/#website"},"datePublished":"2024-09-30T10:16:43+00:00","dateModified":"2024-10-22T20:22:05+00:00","breadcrumb":{"@id":"https:\/\/imppact-chirurgie.fr\/index.php\/orthopedie\/chirurgie-du-genou\/transposition-tuberosite-tibiale\/#breadcrumb"},"inLanguage":"fr-FR","potentialAction":[{"@type":"ReadAction","target":["https:\/\/imppact-chirurgie.fr\/index.php\/orthopedie\/chirurgie-du-genou\/transposition-tuberosite-tibiale\/"]}]},{"@type":"BreadcrumbList","@id":"https:\/\/imppact-chirurgie.fr\/index.php\/orthopedie\/chirurgie-du-genou\/transposition-tuberosite-tibiale\/#breadcrumb","itemListElement":[{"@type":"ListItem","position":1,"name":"Accueil","item":"https:\/\/imppact-chirurgie.fr\/"},{"@type":"ListItem","position":2,"name":"Orthop\u00e9die","item":"https:\/\/imppact-chirurgie.fr\/index.php\/orthopedie\/"},{"@type":"ListItem","position":3,"name":"Chirurgie du genou","item":"https:\/\/imppact-chirurgie.fr\/index.php\/orthopedie\/chirurgie-du-genou\/"},{"@type":"ListItem","position":4,"name":"Transposition tub\u00e9rosit\u00e9 tibiale"}]},{"@type":"WebSite","@id":"https:\/\/imppact-chirurgie.fr\/#website","url":"https:\/\/imppact-chirurgie.fr\/","name":"IMPPACT Chirurgie","description":"IMPPACT Institut Main Pied Plastique Articulations Chirurgie Traumatologie","publisher":{"@id":"https:\/\/imppact-chirurgie.fr\/#organization"},"potentialAction":[{"@type":"SearchAction","target":{"@type":"EntryPoint","urlTemplate":"https:\/\/imppact-chirurgie.fr\/?s={search_term_string}"},"query-input":{"@type":"PropertyValueSpecification","valueRequired":true,"valueName":"search_term_string"}}],"inLanguage":"fr-FR"},{"@type":"Organization","@id":"https:\/\/imppact-chirurgie.fr\/#organization","name":"Imppact Chirurgie","alternateName":"Institut Main Pied Plastique Articulations Chirurgie Traumatologie","url":"https:\/\/imppact-chirurgie.fr\/","logo":{"@type":"ImageObject","inLanguage":"fr-FR","@id":"https:\/\/imppact-chirurgie.fr\/#\/schema\/logo\/image\/","url":"https:\/\/imppact-chirurgie.fr\/wp-content\/uploads\/2024\/02\/logo_final_imppact.png","contentUrl":"https:\/\/imppact-chirurgie.fr\/wp-content\/uploads\/2024\/02\/logo_final_imppact.png","width":1000,"height":523,"caption":"Imppact Chirurgie"},"image":{"@id":"https:\/\/imppact-chirurgie.fr\/#\/schema\/logo\/image\/"}}]}},"_links":{"self":[{"href":"https:\/\/imppact-chirurgie.fr\/index.php\/wp-json\/wp\/v2\/pages\/1637","targetHints":{"allow":["GET"]}}],"collection":[{"href":"https:\/\/imppact-chirurgie.fr\/index.php\/wp-json\/wp\/v2\/pages"}],"about":[{"href":"https:\/\/imppact-chirurgie.fr\/index.php\/wp-json\/wp\/v2\/types\/page"}],"author":[{"embeddable":true,"href":"https:\/\/imppact-chirurgie.fr\/index.php\/wp-json\/wp\/v2\/users\/1"}],"replies":[{"embeddable":true,"href":"https:\/\/imppact-chirurgie.fr\/index.php\/wp-json\/wp\/v2\/comments?post=1637"}],"version-history":[{"count":6,"href":"https:\/\/imppact-chirurgie.fr\/index.php\/wp-json\/wp\/v2\/pages\/1637\/revisions"}],"predecessor-version":[{"id":1933,"href":"https:\/\/imppact-chirurgie.fr\/index.php\/wp-json\/wp\/v2\/pages\/1637\/revisions\/1933"}],"up":[{"embeddable":true,"href":"https:\/\/imppact-chirurgie.fr\/index.php\/wp-json\/wp\/v2\/pages\/1623"}],"wp:attachment":[{"href":"https:\/\/imppact-chirurgie.fr\/index.php\/wp-json\/wp\/v2\/media?parent=1637"}],"curies":[{"name":"wp","href":"https:\/\/api.w.org\/{rel}","templated":true}]}}