{"id":1656,"date":"2024-09-30T13:57:53","date_gmt":"2024-09-30T11:57:53","guid":{"rendered":"https:\/\/imppact-chirurgie.fr\/?page_id=1656"},"modified":"2024-10-22T22:19:00","modified_gmt":"2024-10-22T20:19:00","slug":"micro-fracture-pridie","status":"publish","type":"page","link":"https:\/\/imppact-chirurgie.fr\/index.php\/orthopedie\/chirurgie-du-genou\/micro-fracture-pridie\/","title":{"rendered":"Micro fracture &#8211; Pridie"},"content":{"rendered":"<p>[et_pb_section fb_built=\u00a0\u00bb1&Prime; admin_label=\u00a0\u00bbsection\u00a0\u00bb _builder_version=\u00a0\u00bb4.16&Prime; global_colors_info=\u00a0\u00bb{}\u00a0\u00bb][et_pb_row admin_label=\u00a0\u00bbrow\u00a0\u00bb _builder_version=\u00a0\u00bb4.27.2&Prime; background_size=\u00a0\u00bbinitial\u00a0\u00bb background_position=\u00a0\u00bbtop_left\u00a0\u00bb background_repeat=\u00a0\u00bbrepeat\u00a0\u00bb custom_margin=\u00a0\u00bb||||false|false\u00a0\u00bb custom_padding=\u00a0\u00bb||||false|false\u00a0\u00bb hover_enabled=\u00a0\u00bb0&Prime; global_colors_info=\u00a0\u00bb{}\u00a0\u00bb sticky_enabled=\u00a0\u00bb0&Prime;][et_pb_column type=\u00a0\u00bb4_4&Prime; _builder_version=\u00a0\u00bb4.16&Prime; custom_padding=\u00a0\u00bb|||\u00a0\u00bb global_colors_info=\u00a0\u00bb{}\u00a0\u00bb custom_padding__hover=\u00a0\u00bb|||\u00a0\u00bb][et_pb_text admin_label=\u00a0\u00bbText\u00a0\u00bb _builder_version=\u00a0\u00bb4.27.0&Prime; background_size=\u00a0\u00bbinitial\u00a0\u00bb background_position=\u00a0\u00bbtop_left\u00a0\u00bb background_repeat=\u00a0\u00bbrepeat\u00a0\u00bb width=\u00a0\u00bb99.8%\u00a0\u00bb custom_margin=\u00a0\u00bb||||false|false\u00a0\u00bb custom_padding=\u00a0\u00bb|||0px||\u00a0\u00bb global_colors_info=\u00a0\u00bb{}\u00a0\u00bb]<\/p>\n<h1 style=\"text-align: justify;\"><span style=\"font-size: 26px;\">La microfracture ou Pridie<\/span><\/h1>\n<div data-mesh-id=\"comp-jjy3ebjpinlineContent\" data-testid=\"inline-content\" class=\"\">\n<div data-mesh-id=\"comp-jjy3ebjpinlineContent-gridContainer\" data-testid=\"mesh-container-content\">\n<div id=\"comp-jjy3ebjx\" class=\"HcOXKn SxM0TO QxJLC3 lq2cno comp-jjy3ebjx wixui-rich-text\" data-testid=\"richTextElement\">\n<div id=\"bgLayers_comp-jjy3a7dy\" data-hook=\"bgLayers\" data-motion-part=\"BG_LAYER\" class=\"MW5IWV\">\n<div id=\"bgMedia_comp-jjy3a7dy\" data-motion-part=\"BG_MEDIA\" class=\"VgO9Yg\"><\/div>\n<\/div>\n<div data-mesh-id=\"comp-jjy3a7dyinlineContent\" data-testid=\"inline-content\" class=\"\">\n<div data-mesh-id=\"comp-jjy3a7dyinlineContent-gridContainer\" data-testid=\"mesh-container-content\">\n<div id=\"comp-jjy3a7e2\" class=\"comp-jjy3a7e2 aVng1S wixui-horizontal-line\">\n<p class=\"font_8 wixui-rich-text__text\" style=\"text-align: justify;\"><span class=\"wixui-rich-text__text\">La stabilit\u00e9 du genou est assur\u00e9e par des ligaments qui sont des sortes de rubans plus ou moins \u00e9lastiques. Le ligament crois\u00e9 ant\u00e9rieur, situ\u00e9 \u00e0 l\u2019int\u00e9rieur de l\u2019articulation, relie la partie ant\u00e9rieure du tibia \u00e0 la partie post\u00e9rieure du f\u00e9mur. Il emp\u00eache le tibia de partir en avant et stabilise le genou lors des mouvements en rotation.<br class=\"wixui-rich-text__text\" \/>Il peut \u00eatre rompu \u00e0 la suite d\u2019un traumatisme, occasionnant une instabilit\u00e9 du genou. Il ne cicatrise pas spontan\u00e9ment dans une position efficace. Les r<\/span><\/p>\n<p class=\"font_8 wixui-rich-text__text\" style=\"text-align: justify;\">La perforation de PRIDIE est une technique d\u2019intervention chirurgicale d\u2019orthop\u00e9die qui permet la formation de nouveau cartilage dit \u00ab n\u00e9o cartilage \u00bb n\u00e9cessaire pour soigner certaines maladies du cartilage ou formes d\u2019arthrose.<\/p>\n<p class=\"font_8 wixui-rich-text__text\" style=\"text-align: justify;\">Le cartilage pr\u00e9sente des capacit\u00e9s de r\u00e9paration et de r\u00e9g\u00e9n\u00e9ration tr\u00e8s limit\u00e9es. Un d\u00e9fect ne se comble pas spontan\u00e9ment, une l\u00e9sion partielle ne cicatrise pas d\u2019elle m\u00eame et un fragment libre peut se coincer entre les surfaces articulaires et endommager le cartilage sain. La chirurgie est propos\u00e9e en cas de clapet ou de fragment libre symptomatique, ou en pr\u00e9sence d\u2019un large d\u00e9fect cartilagineux. Son but est de restituer une surface de glissement homog\u00e8ne, limiter les douleurs, les blocages et les gonflements et ralentir la d\u00e9gradation articulaire.<\/p>\n<p class=\"font_8 wixui-rich-text__text\" style=\"text-align: justify;\"><span class=\"wixui-rich-text__text\"><\/span><\/p>\n<p class=\"font_8 wixui-rich-text__text\" style=\"text-align: justify;\"><strong><span class=\"wixui-rich-text__text\">L&rsquo;INTERVENTION<\/span><\/strong><\/p>\n<p class=\"font_8 wixui-rich-text__text\" style=\"text-align: justify;\"><span class=\"wixui-rich-text__text\"><span class=\"wixGuard wixui-rich-text__text\">\u200b<\/span><\/span><span style=\"font-size: 14px;\">L\u2019intervention consiste \u00e0 extraire une l\u00e9sion superficielle partiellement ou compl\u00e8tement d\u00e9tach\u00e9e. Elle traite par ailleurs la zone du d\u00e9fect en stimulant la r\u00e9paration cartilagineuse.<\/span><\/p>\n<p class=\"font_8 wixui-rich-text__text\" style=\"text-align: justify;\">Elle est r\u00e9alis\u00e9e sous arthroscopie, c\u2019est \u00e0 dire sans ouvrir l\u2019articulation. Deux petites incisions de 5 mm chacune sont r\u00e9alis\u00e9es en avant du genou. Une petite cam\u00e9ra est introduite par l\u2019une d\u2019entre elles pour visualiser l\u2019articulation. Des petits instruments sont introduits par l\u2019autre incision pour r\u00e9aliser le geste chirurgical.<br class=\"wixui-rich-text__text\" \/>On r\u00e9alise l\u2019excision de la l\u00e9sion et la r\u00e9gularisation des bords. L\u2019os mis \u00e0 nu est stimul\u00e9 par un instrument pointu permettant de r\u00e9aliser une surface irr\u00e9guli\u00e8re, provoquer un saignement local et relancer le processus de r\u00e9g\u00e9n\u00e9ration du cartilage.<br class=\"wixui-rich-text__text\" \/>L\u2019intervention peut \u00eatre r\u00e9alis\u00e9e sous rachi-anesth\u00e9sie ou bien sous anesth\u00e9sie g\u00e9n\u00e9rale. C\u2019est votre anesth\u00e9siste qui d\u00e9cide avec vous de la meilleure anesth\u00e9sie en fonction de votre \u00e9tat de sant\u00e9.<\/p>\n<p class=\"font_8 wixui-rich-text__text\" style=\"text-align: justify;\">Elle dure en moyenne une demie-heure et se fait lors d\u2019une journ\u00e9e d\u2019hospitalisation en ambulatoire.<\/p>\n<p class=\"font_8 wixui-rich-text__text\" style=\"text-align: justify;\">Durant tout le temps de la\u00a0cicatrisation, l\u2019articulation doit \u00eatre mise en d\u00e9charge, c\u2019est \u00e0 dire, qu\u2019il est\u00a0interdit\u00a0d\u2019avoir un\u00a0appui complet\u00a0sur le membre op\u00e9r\u00e9.<\/p>\n<p class=\"font_8 wixui-rich-text__text\" style=\"text-align: justify;\"><strong><span class=\"wixui-rich-text__text\">LES RISQUES ET COMPLICATIONS<\/span><\/strong><\/p>\n<p class=\"font_8 wixui-rich-text__text\" style=\"text-align: justify;\">Une raideur articulaire peut se d\u00e9velopper si la r\u00e9\u00e9ducation post-op\u00e9ratoire n\u2019est pas bien prise en charge.<br class=\"wixui-rich-text__text\" \/>Des r\u00e9actions inflammatoires exacerb\u00e9es correspondent parfois \u00e0 une algodystrophie.<br class=\"wixui-rich-text__text\" \/>Il est possible que la zone op\u00e9r\u00e9e saigne et qu\u2019il se forme un h\u00e9matome. En fonction de son importance, une \u00e9vacuation peut \u00eatre n\u00e9cessaire.<br class=\"wixui-rich-text__text\" \/>La survenue d\u2019une infection de l\u2019articulation reste exceptionnelle. Cette complication connue n\u00e9cessite un lavage du genou et la mise sous antibiotiques plus ou moins longue avec \u00e9ventuellement une reprise chirurgicale.<br class=\"wixui-rich-text__text\" \/>Des petits caillots de sang solidifi\u00e9 peuvent se former et se coincer dans les veines des jambes occasionnant une phl\u00e9bite et n\u00e9cessitant un traitement anti-coagulant pendant plusieurs semaines.<br class=\"wixui-rich-text__text\" \/>Les nerfs et art\u00e8res qui entourent le genou peuvent \u00eatre accidentellement bless\u00e9s. Cette complication exceptionnelle peut occasionner une douleur, une perte de la sensibilit\u00e9 voire une paralysie de certaines parties de la jambe. En cas de l\u00e9sion art\u00e9rielle, une chirurgie vasculaire peut \u00eatre n\u00e9cessaire.<br class=\"wixui-rich-text__text\" \/>Les risques \u00e9num\u00e9r\u00e9s ne constituent pas une liste exhaustive. Votre chirurgien donnera toute explication compl\u00e9mentaire et se tiendra \u00e0 votre disposition pour \u00e9voquer avec vous chaque cas particulier avec les avantages, les inconv\u00e9nients et les risques de l\u2019intervention.<\/p>\n<p class=\"font_8 wixui-rich-text__text\" style=\"text-align: justify;\">La disparition des blocages, des gonflements et des ph\u00e9nom\u00e8nes d\u2019instabilit\u00e9 est rapide apr\u00e8s l\u2019intervention. Le r\u00e9sultat d\u00e9pend de la localisation et de l\u2019\u00e9tendue de la l\u00e9sion.<br class=\"wixui-rich-text__text\" \/>L\u2019am\u00e9lioration fonctionnelle et du statut cartilagineux est de l\u2019ordre de 80% en cas de l\u00e9sion cartilagineuse<\/p>\n<\/div>\n<\/div>\n<\/div>\n<\/div>\n<\/div>\n<\/div>\n<p>[\/et_pb_text][\/et_pb_column][\/et_pb_row][\/et_pb_section]<\/p>\n","protected":false},"excerpt":{"rendered":"<p>La microfracture ou Pridie La stabilit\u00e9 du genou est assur\u00e9e par des ligaments qui sont des sortes de rubans plus ou moins \u00e9lastiques. Le ligament crois\u00e9 ant\u00e9rieur, situ\u00e9 \u00e0 l\u2019int\u00e9rieur de l\u2019articulation, relie la partie ant\u00e9rieure du tibia \u00e0 la partie post\u00e9rieure du f\u00e9mur. Il emp\u00eache le tibia de partir en avant et stabilise le [&hellip;]<\/p>\n","protected":false},"author":1,"featured_media":0,"parent":1623,"menu_order":0,"comment_status":"closed","ping_status":"closed","template":"","meta":{"_et_pb_use_builder":"on","_et_pb_old_content":"","_et_gb_content_width":"","_monsterinsights_skip_tracking":false,"_monsterinsights_sitenote_active":false,"_monsterinsights_sitenote_note":"","_monsterinsights_sitenote_category":0,"footnotes":""},"class_list":["post-1656","page","type-page","status-publish","hentry"],"yoast_head":"<!-- This site is optimized with the Yoast SEO plugin v27.4 - https:\/\/yoast.com\/product\/yoast-seo-wordpress\/ -->\n<title>Micro fracture - Pridie | IMPPACT Chirurgie<\/title>\n<meta name=\"robots\" content=\"index, follow, max-snippet:-1, max-image-preview:large, max-video-preview:-1\" \/>\n<link rel=\"canonical\" href=\"https:\/\/imppact-chirurgie.fr\/index.php\/orthopedie\/chirurgie-du-genou\/micro-fracture-pridie\/\" \/>\n<meta property=\"og:locale\" content=\"fr_FR\" \/>\n<meta property=\"og:type\" content=\"article\" \/>\n<meta property=\"og:title\" content=\"Micro fracture - Pridie | IMPPACT Chirurgie\" \/>\n<meta property=\"og:description\" content=\"La microfracture ou Pridie La stabilit\u00e9 du genou est assur\u00e9e par des ligaments qui sont des sortes de rubans plus ou moins \u00e9lastiques. Le ligament crois\u00e9 ant\u00e9rieur, situ\u00e9 \u00e0 l\u2019int\u00e9rieur de l\u2019articulation, relie la partie ant\u00e9rieure du tibia \u00e0 la partie post\u00e9rieure du f\u00e9mur. Il emp\u00eache le tibia de partir en avant et stabilise le [&hellip;]\" \/>\n<meta property=\"og:url\" content=\"https:\/\/imppact-chirurgie.fr\/index.php\/orthopedie\/chirurgie-du-genou\/micro-fracture-pridie\/\" \/>\n<meta property=\"og:site_name\" content=\"IMPPACT Chirurgie\" \/>\n<meta property=\"article:modified_time\" content=\"2024-10-22T20:19:00+00:00\" \/>\n<meta name=\"twitter:card\" content=\"summary_large_image\" \/>\n<meta name=\"twitter:label1\" content=\"Dur\u00e9e de lecture estim\u00e9e\" \/>\n\t<meta name=\"twitter:data1\" content=\"4 minutes\" \/>\n<script type=\"application\/ld+json\" class=\"yoast-schema-graph\">{\"@context\":\"https:\\\/\\\/schema.org\",\"@graph\":[{\"@type\":\"WebPage\",\"@id\":\"https:\\\/\\\/imppact-chirurgie.fr\\\/index.php\\\/orthopedie\\\/chirurgie-du-genou\\\/micro-fracture-pridie\\\/\",\"url\":\"https:\\\/\\\/imppact-chirurgie.fr\\\/index.php\\\/orthopedie\\\/chirurgie-du-genou\\\/micro-fracture-pridie\\\/\",\"name\":\"Micro fracture - Pridie | IMPPACT Chirurgie\",\"isPartOf\":{\"@id\":\"https:\\\/\\\/imppact-chirurgie.fr\\\/#website\"},\"datePublished\":\"2024-09-30T11:57:53+00:00\",\"dateModified\":\"2024-10-22T20:19:00+00:00\",\"breadcrumb\":{\"@id\":\"https:\\\/\\\/imppact-chirurgie.fr\\\/index.php\\\/orthopedie\\\/chirurgie-du-genou\\\/micro-fracture-pridie\\\/#breadcrumb\"},\"inLanguage\":\"fr-FR\",\"potentialAction\":[{\"@type\":\"ReadAction\",\"target\":[\"https:\\\/\\\/imppact-chirurgie.fr\\\/index.php\\\/orthopedie\\\/chirurgie-du-genou\\\/micro-fracture-pridie\\\/\"]}]},{\"@type\":\"BreadcrumbList\",\"@id\":\"https:\\\/\\\/imppact-chirurgie.fr\\\/index.php\\\/orthopedie\\\/chirurgie-du-genou\\\/micro-fracture-pridie\\\/#breadcrumb\",\"itemListElement\":[{\"@type\":\"ListItem\",\"position\":1,\"name\":\"Accueil\",\"item\":\"https:\\\/\\\/imppact-chirurgie.fr\\\/\"},{\"@type\":\"ListItem\",\"position\":2,\"name\":\"Orthop\u00e9die\",\"item\":\"https:\\\/\\\/imppact-chirurgie.fr\\\/index.php\\\/orthopedie\\\/\"},{\"@type\":\"ListItem\",\"position\":3,\"name\":\"Chirurgie du genou\",\"item\":\"https:\\\/\\\/imppact-chirurgie.fr\\\/index.php\\\/orthopedie\\\/chirurgie-du-genou\\\/\"},{\"@type\":\"ListItem\",\"position\":4,\"name\":\"Micro fracture &#8211; Pridie\"}]},{\"@type\":\"WebSite\",\"@id\":\"https:\\\/\\\/imppact-chirurgie.fr\\\/#website\",\"url\":\"https:\\\/\\\/imppact-chirurgie.fr\\\/\",\"name\":\"IMPPACT Chirurgie\",\"description\":\"IMPPACT Institut Main Pied Plastique Articulations Chirurgie Traumatologie\",\"publisher\":{\"@id\":\"https:\\\/\\\/imppact-chirurgie.fr\\\/#organization\"},\"potentialAction\":[{\"@type\":\"SearchAction\",\"target\":{\"@type\":\"EntryPoint\",\"urlTemplate\":\"https:\\\/\\\/imppact-chirurgie.fr\\\/?s={search_term_string}\"},\"query-input\":{\"@type\":\"PropertyValueSpecification\",\"valueRequired\":true,\"valueName\":\"search_term_string\"}}],\"inLanguage\":\"fr-FR\"},{\"@type\":\"Organization\",\"@id\":\"https:\\\/\\\/imppact-chirurgie.fr\\\/#organization\",\"name\":\"Imppact Chirurgie\",\"alternateName\":\"Institut Main Pied Plastique Articulations Chirurgie Traumatologie\",\"url\":\"https:\\\/\\\/imppact-chirurgie.fr\\\/\",\"logo\":{\"@type\":\"ImageObject\",\"inLanguage\":\"fr-FR\",\"@id\":\"https:\\\/\\\/imppact-chirurgie.fr\\\/#\\\/schema\\\/logo\\\/image\\\/\",\"url\":\"https:\\\/\\\/imppact-chirurgie.fr\\\/wp-content\\\/uploads\\\/2024\\\/02\\\/logo_final_imppact.png\",\"contentUrl\":\"https:\\\/\\\/imppact-chirurgie.fr\\\/wp-content\\\/uploads\\\/2024\\\/02\\\/logo_final_imppact.png\",\"width\":1000,\"height\":523,\"caption\":\"Imppact Chirurgie\"},\"image\":{\"@id\":\"https:\\\/\\\/imppact-chirurgie.fr\\\/#\\\/schema\\\/logo\\\/image\\\/\"}}]}<\/script>\n<!-- \/ Yoast SEO plugin. -->","yoast_head_json":{"title":"Micro fracture - Pridie | IMPPACT Chirurgie","robots":{"index":"index","follow":"follow","max-snippet":"max-snippet:-1","max-image-preview":"max-image-preview:large","max-video-preview":"max-video-preview:-1"},"canonical":"https:\/\/imppact-chirurgie.fr\/index.php\/orthopedie\/chirurgie-du-genou\/micro-fracture-pridie\/","og_locale":"fr_FR","og_type":"article","og_title":"Micro fracture - Pridie | IMPPACT Chirurgie","og_description":"La microfracture ou Pridie La stabilit\u00e9 du genou est assur\u00e9e par des ligaments qui sont des sortes de rubans plus ou moins \u00e9lastiques. Le ligament crois\u00e9 ant\u00e9rieur, situ\u00e9 \u00e0 l\u2019int\u00e9rieur de l\u2019articulation, relie la partie ant\u00e9rieure du tibia \u00e0 la partie post\u00e9rieure du f\u00e9mur. Il emp\u00eache le tibia de partir en avant et stabilise le [&hellip;]","og_url":"https:\/\/imppact-chirurgie.fr\/index.php\/orthopedie\/chirurgie-du-genou\/micro-fracture-pridie\/","og_site_name":"IMPPACT Chirurgie","article_modified_time":"2024-10-22T20:19:00+00:00","twitter_card":"summary_large_image","twitter_misc":{"Dur\u00e9e de lecture estim\u00e9e":"4 minutes"},"schema":{"@context":"https:\/\/schema.org","@graph":[{"@type":"WebPage","@id":"https:\/\/imppact-chirurgie.fr\/index.php\/orthopedie\/chirurgie-du-genou\/micro-fracture-pridie\/","url":"https:\/\/imppact-chirurgie.fr\/index.php\/orthopedie\/chirurgie-du-genou\/micro-fracture-pridie\/","name":"Micro fracture - Pridie | IMPPACT Chirurgie","isPartOf":{"@id":"https:\/\/imppact-chirurgie.fr\/#website"},"datePublished":"2024-09-30T11:57:53+00:00","dateModified":"2024-10-22T20:19:00+00:00","breadcrumb":{"@id":"https:\/\/imppact-chirurgie.fr\/index.php\/orthopedie\/chirurgie-du-genou\/micro-fracture-pridie\/#breadcrumb"},"inLanguage":"fr-FR","potentialAction":[{"@type":"ReadAction","target":["https:\/\/imppact-chirurgie.fr\/index.php\/orthopedie\/chirurgie-du-genou\/micro-fracture-pridie\/"]}]},{"@type":"BreadcrumbList","@id":"https:\/\/imppact-chirurgie.fr\/index.php\/orthopedie\/chirurgie-du-genou\/micro-fracture-pridie\/#breadcrumb","itemListElement":[{"@type":"ListItem","position":1,"name":"Accueil","item":"https:\/\/imppact-chirurgie.fr\/"},{"@type":"ListItem","position":2,"name":"Orthop\u00e9die","item":"https:\/\/imppact-chirurgie.fr\/index.php\/orthopedie\/"},{"@type":"ListItem","position":3,"name":"Chirurgie du genou","item":"https:\/\/imppact-chirurgie.fr\/index.php\/orthopedie\/chirurgie-du-genou\/"},{"@type":"ListItem","position":4,"name":"Micro fracture &#8211; Pridie"}]},{"@type":"WebSite","@id":"https:\/\/imppact-chirurgie.fr\/#website","url":"https:\/\/imppact-chirurgie.fr\/","name":"IMPPACT Chirurgie","description":"IMPPACT Institut Main Pied Plastique Articulations Chirurgie Traumatologie","publisher":{"@id":"https:\/\/imppact-chirurgie.fr\/#organization"},"potentialAction":[{"@type":"SearchAction","target":{"@type":"EntryPoint","urlTemplate":"https:\/\/imppact-chirurgie.fr\/?s={search_term_string}"},"query-input":{"@type":"PropertyValueSpecification","valueRequired":true,"valueName":"search_term_string"}}],"inLanguage":"fr-FR"},{"@type":"Organization","@id":"https:\/\/imppact-chirurgie.fr\/#organization","name":"Imppact Chirurgie","alternateName":"Institut Main Pied Plastique Articulations Chirurgie Traumatologie","url":"https:\/\/imppact-chirurgie.fr\/","logo":{"@type":"ImageObject","inLanguage":"fr-FR","@id":"https:\/\/imppact-chirurgie.fr\/#\/schema\/logo\/image\/","url":"https:\/\/imppact-chirurgie.fr\/wp-content\/uploads\/2024\/02\/logo_final_imppact.png","contentUrl":"https:\/\/imppact-chirurgie.fr\/wp-content\/uploads\/2024\/02\/logo_final_imppact.png","width":1000,"height":523,"caption":"Imppact Chirurgie"},"image":{"@id":"https:\/\/imppact-chirurgie.fr\/#\/schema\/logo\/image\/"}}]}},"_links":{"self":[{"href":"https:\/\/imppact-chirurgie.fr\/index.php\/wp-json\/wp\/v2\/pages\/1656","targetHints":{"allow":["GET"]}}],"collection":[{"href":"https:\/\/imppact-chirurgie.fr\/index.php\/wp-json\/wp\/v2\/pages"}],"about":[{"href":"https:\/\/imppact-chirurgie.fr\/index.php\/wp-json\/wp\/v2\/types\/page"}],"author":[{"embeddable":true,"href":"https:\/\/imppact-chirurgie.fr\/index.php\/wp-json\/wp\/v2\/users\/1"}],"replies":[{"embeddable":true,"href":"https:\/\/imppact-chirurgie.fr\/index.php\/wp-json\/wp\/v2\/comments?post=1656"}],"version-history":[{"count":5,"href":"https:\/\/imppact-chirurgie.fr\/index.php\/wp-json\/wp\/v2\/pages\/1656\/revisions"}],"predecessor-version":[{"id":1928,"href":"https:\/\/imppact-chirurgie.fr\/index.php\/wp-json\/wp\/v2\/pages\/1656\/revisions\/1928"}],"up":[{"embeddable":true,"href":"https:\/\/imppact-chirurgie.fr\/index.php\/wp-json\/wp\/v2\/pages\/1623"}],"wp:attachment":[{"href":"https:\/\/imppact-chirurgie.fr\/index.php\/wp-json\/wp\/v2\/media?parent=1656"}],"curies":[{"name":"wp","href":"https:\/\/api.w.org\/{rel}","templated":true}]}}